Last updated on 2025-10-26 00:48:40 CEST.
| Flavor | Version | Tinstall | Tcheck | Ttotal | Status | Flags | 
|---|---|---|---|---|---|---|
| r-devel-linux-x86_64-debian-clang | 0.1.0 | 6.83 | 60.89 | 67.72 | NOTE | |
| r-devel-linux-x86_64-debian-gcc | 0.1.0 | 5.16 | 43.84 | 49.00 | NOTE | |
| r-devel-linux-x86_64-fedora-clang | 0.1.0 | 14.00 | 95.00 | 109.00 | OK | |
| r-devel-linux-x86_64-fedora-gcc | 0.1.0 | 15.00 | 85.80 | 100.80 | OK | |
| r-devel-windows-x86_64 | 0.1.0 | 9.00 | 86.00 | 95.00 | OK | |
| r-patched-linux-x86_64 | 0.1.0 | 5.69 | 58.40 | 64.09 | OK | |
| r-release-linux-x86_64 | 0.1.0 | 5.79 | 58.00 | 63.79 | OK | |
| r-release-macos-arm64 | 0.1.0 | 4.00 | 27.00 | 31.00 | OK | |
| r-release-macos-x86_64 | 0.1.0 | 5.00 | 42.00 | 47.00 | OK | |
| r-release-windows-x86_64 | 0.1.0 | 9.00 | 71.00 | 80.00 | OK | |
| r-oldrel-macos-arm64 | 0.1.0 | 3.00 | 25.00 | 28.00 | NOTE | |
| r-oldrel-macos-x86_64 | 0.1.0 | 5.00 | 36.00 | 41.00 | NOTE | |
| r-oldrel-windows-x86_64 | 0.1.0 | 13.00 | 90.00 | 103.00 | NOTE | 
Version: 0.1.0
Check: CRAN incoming feasibility
Result: NOTE
  Maintainer: ‘Elisabeth Dahlqwist <elisabeth.dahlqwist88@gmail.com>’
  
  No Authors@R field in DESCRIPTION.
  Please add one, modifying
    Authors@R: person(given = "Elisabeth",
                      family = "Dahlqwist",
                      role = c("aut", "cre"),
                      email = "elisabeth.dahlqwist88@gmail.com")
  as necessary.
Flavors: r-devel-linux-x86_64-debian-clang, r-devel-linux-x86_64-debian-gcc
Version: 0.1.0
Check: LazyData
Result: NOTE
    'LazyData' is specified without a 'data' directory
Flavors: r-oldrel-macos-arm64, r-oldrel-macos-x86_64, r-oldrel-windows-x86_64