Last updated on 2025-10-26 00:48:41 CEST.
| Flavor | Version | Tinstall | Tcheck | Ttotal | Status | Flags | 
|---|---|---|---|---|---|---|
| r-devel-linux-x86_64-debian-clang | 0.2.4 | 2.23 | 26.73 | 28.96 | NOTE | |
| r-devel-linux-x86_64-debian-gcc | 0.2.4 | 1.98 | 21.11 | 23.09 | NOTE | |
| r-devel-linux-x86_64-fedora-clang | 0.2.4 | 42.98 | OK | |||
| r-devel-linux-x86_64-fedora-gcc | 0.2.4 | 41.11 | OK | |||
| r-devel-windows-x86_64 | 0.2.4 | 4.00 | 49.00 | 53.00 | OK | |
| r-patched-linux-x86_64 | 0.2.4 | 2.39 | 24.95 | 27.34 | OK | |
| r-release-linux-x86_64 | 0.2.4 | 2.33 | 24.95 | 27.28 | OK | |
| r-release-macos-arm64 | 0.2.4 | 1.00 | 19.00 | 20.00 | OK | |
| r-release-macos-x86_64 | 0.2.4 | 2.00 | 26.00 | 28.00 | OK | |
| r-release-windows-x86_64 | 0.2.4 | 4.00 | 51.00 | 55.00 | OK | |
| r-oldrel-macos-arm64 | 0.2.4 | 2.00 | 16.00 | 18.00 | OK | |
| r-oldrel-macos-x86_64 | 0.2.4 | 2.00 | 26.00 | 28.00 | OK | |
| r-oldrel-windows-x86_64 | 0.2.4 | 5.00 | 54.00 | 59.00 | OK | 
Version: 0.2.4
Check: CRAN incoming feasibility
Result: NOTE
  Maintainer: ‘Kyun-Seop Bae <k@acr.kr>’
  
  No Authors@R field in DESCRIPTION.
  Please add one, modifying
    Authors@R: person(given = "Kyun-Seop",
                      family = "Bae",
                      role = c("aut", "cre"),
                      email = "k@acr.kr")
  as necessary.
Flavors: r-devel-linux-x86_64-debian-clang, r-devel-linux-x86_64-debian-gcc