Last updated on 2025-10-26 00:48:41 CEST.
| Flavor | Version | Tinstall | Tcheck | Ttotal | Status | Flags | 
|---|---|---|---|---|---|---|
| r-devel-linux-x86_64-debian-clang | 0.1.4 | 42.15 | 34.53 | 76.68 | NOTE | |
| r-devel-linux-x86_64-debian-gcc | 0.1.4 | 30.42 | 26.47 | 56.89 | NOTE | |
| r-devel-linux-x86_64-fedora-clang | 0.1.4 | 64.00 | 71.08 | 135.08 | OK | |
| r-devel-linux-x86_64-fedora-gcc | 0.1.4 | 98.00 | 37.31 | 135.31 | OK | |
| r-devel-windows-x86_64 | 0.1.4 | 51.00 | 65.00 | 116.00 | OK | |
| r-patched-linux-x86_64 | 0.1.4 | 43.10 | 32.73 | 75.83 | OK | |
| r-release-linux-x86_64 | 0.1.4 | 44.37 | 32.93 | 77.30 | OK | |
| r-release-macos-arm64 | 0.1.4 | 18.00 | 22.00 | 40.00 | OK | |
| r-release-macos-x86_64 | 0.1.4 | 16.00 | 36.00 | 52.00 | OK | |
| r-release-windows-x86_64 | 0.1.4 | 54.00 | 75.00 | 129.00 | OK | |
| r-oldrel-macos-arm64 | 0.1.4 | 20.00 | 20.00 | 40.00 | OK | |
| r-oldrel-macos-x86_64 | 0.1.4 | 16.00 | 30.00 | 46.00 | OK | |
| r-oldrel-windows-x86_64 | 0.1.4 | 62.00 | 88.00 | 150.00 | OK | 
Version: 0.1.4
Check: CRAN incoming feasibility
Result: NOTE
  Maintainer: ‘Joe Suzuki <j-suzuki@sigmath.es.osaka-u.ac.jp>’
  
  No Authors@R field in DESCRIPTION.
  Please add one, modifying
    Authors@R: c(person(given = "Joe",
                        family = "Suzuki",
                        role = c("aut", "cre"),
                        email = "j-suzuki@sigmath.es.osaka-u.ac.jp"),
                 person(given = "Jun",
                        family = "Kawahara",
                        role = "aut"))
  as necessary.
Flavors: r-devel-linux-x86_64-debian-clang, r-devel-linux-x86_64-debian-gcc