Last updated on 2025-10-26 00:48:41 CEST.
| Flavor | Version | Tinstall | Tcheck | Ttotal | Status | Flags | 
|---|---|---|---|---|---|---|
| r-devel-linux-x86_64-debian-clang | 0.1.1 | 8.17 | 80.38 | 88.55 | NOTE | |
| r-devel-linux-x86_64-debian-gcc | 0.1.1 | 5.98 | 56.40 | 62.38 | NOTE | |
| r-devel-linux-x86_64-fedora-clang | 0.1.1 | 19.00 | 117.49 | 136.49 | OK | |
| r-devel-linux-x86_64-fedora-gcc | 0.1.1 | 18.00 | 116.02 | 134.02 | OK | |
| r-devel-windows-x86_64 | 0.1.1 | 9.00 | 79.00 | 88.00 | OK | |
| r-patched-linux-x86_64 | 0.1.1 | 8.27 | 76.66 | 84.93 | OK | |
| r-release-linux-x86_64 | 0.1.1 | 8.17 | 76.14 | 84.31 | OK | |
| r-release-macos-arm64 | 0.1.1 | 5.00 | 50.00 | 55.00 | OK | |
| r-release-macos-x86_64 | 0.1.1 | 9.00 | 82.00 | 91.00 | OK | |
| r-release-windows-x86_64 | 0.1.1 | 9.00 | 82.00 | 91.00 | OK | |
| r-oldrel-macos-arm64 | 0.1.1 | 4.00 | 34.00 | 38.00 | OK | |
| r-oldrel-macos-x86_64 | 0.1.1 | 6.00 | 51.00 | 57.00 | OK | |
| r-oldrel-windows-x86_64 | 0.1.1 | 12.00 | 104.00 | 116.00 | OK | 
Version: 0.1.1
Check: CRAN incoming feasibility
Result: NOTE
  Maintainer: ‘Achal Lama <achal.lama@icar.gov.in>’
  
  No Authors@R field in DESCRIPTION.
  Please add one, modifying
    Authors@R: c(person(given = "Achal",
                        family = "Lama",
                        role = c("aut", "cre"),
                        email = "achal.lama@icar.gov.in"),
                 person(given = c("Girish", "K"),
                        family = "Jha",
                        role = "aut"),
                 person(given = c("K", "N"),
                        family = "Singh",
                        role = "aut"),
                 person(given = "Bishal",
                        family = "Gurung",
                        role = "aut"))
  as necessary.
Flavors: r-devel-linux-x86_64-debian-clang, r-devel-linux-x86_64-debian-gcc