Last updated on 2025-10-26 00:48:42 CEST.
| Flavor | Version | Tinstall | Tcheck | Ttotal | Status | Flags | 
|---|---|---|---|---|---|---|
| r-devel-linux-x86_64-debian-clang | 6.0 | 11.39 | 81.67 | 93.06 | NOTE | |
| r-devel-linux-x86_64-debian-gcc | 6.0 | 6.76 | 55.64 | 62.40 | NOTE | |
| r-devel-linux-x86_64-fedora-clang | 6.0 | 25.00 | 116.51 | 141.51 | OK | |
| r-devel-linux-x86_64-fedora-gcc | 6.0 | 23.00 | 110.10 | 133.10 | OK | |
| r-devel-windows-x86_64 | 6.0 | 11.00 | 88.00 | 99.00 | OK | |
| r-patched-linux-x86_64 | 6.0 | 10.35 | 77.14 | 87.49 | OK | |
| r-release-linux-x86_64 | 6.0 | 10.47 | 74.66 | 85.13 | OK | |
| r-release-macos-arm64 | 6.0 | 4.00 | 30.00 | 34.00 | OK | |
| r-release-macos-x86_64 | 6.0 | 8.00 | 56.00 | 64.00 | OK | |
| r-release-windows-x86_64 | 6.0 | 14.00 | 88.00 | 102.00 | OK | |
| r-oldrel-macos-arm64 | 6.0 | 4.00 | 29.00 | 33.00 | OK | |
| r-oldrel-macos-x86_64 | 6.0 | 6.00 | 44.00 | 50.00 | OK | |
| r-oldrel-windows-x86_64 | 6.0 | 15.00 | 112.00 | 127.00 | OK | 
Version: 6.0
Check: CRAN incoming feasibility
Result: NOTE
  Maintainer: ‘Rosaria Lombardo  <rosaria.lombardo@unicampania.it>’
  
  No Authors@R field in DESCRIPTION.
  Please add one, modifying
    Authors@R: c(person(given = "Rosaria",
                        family = "Lombardo",
                        role = c("aut", "cre"),
                        email = "rosaria.lombardo@unicampania.it"),
                 person(given = c("Eric", "J"),
                        family = "Beh",
                        role = "aut"))
  as necessary.
Flavors: r-devel-linux-x86_64-debian-clang, r-devel-linux-x86_64-debian-gcc