Last updated on 2025-10-28 01:50:28 CET.
| Flavor | Version | Tinstall | Tcheck | Ttotal | Status | Flags |
|---|---|---|---|---|---|---|
| r-devel-linux-x86_64-debian-clang | 1.4.2 | 2.30 | 40.12 | 42.42 | NOTE | |
| r-devel-linux-x86_64-debian-gcc | 1.4.2 | 1.60 | 29.43 | 31.03 | NOTE | |
| r-devel-linux-x86_64-fedora-clang | 1.4.2 | 22.00 | 47.25 | 69.25 | OK | |
| r-devel-linux-x86_64-fedora-gcc | 1.4.2 | 62.34 | OK | |||
| r-devel-windows-x86_64 | 1.4.2 | 4.00 | 55.00 | 59.00 | OK | |
| r-patched-linux-x86_64 | 1.4.2 | 2.21 | 36.42 | 38.63 | OK | |
| r-release-linux-x86_64 | 1.4.2 | 2.10 | 36.94 | 39.04 | OK | |
| r-release-macos-arm64 | 1.4.2 | 3.00 | 21.00 | 24.00 | OK | |
| r-release-macos-x86_64 | 1.4.2 | 2.00 | 36.00 | 38.00 | OK | |
| r-release-windows-x86_64 | 1.4.2 | 4.00 | 57.00 | 61.00 | OK | |
| r-oldrel-macos-arm64 | 1.4.2 | 1.00 | 19.00 | 20.00 | OK | |
| r-oldrel-macos-x86_64 | 1.4.2 | 2.00 | 26.00 | 28.00 | OK | |
| r-oldrel-windows-x86_64 | 1.4.2 | 5.00 | 62.00 | 67.00 | OK |
Version: 1.4.2
Check: CRAN incoming feasibility
Result: NOTE
Maintainer: ‘Pengyi Yang <yangpy7@gmail.com>’
No Authors@R field in DESCRIPTION.
Please add one, modifying
Authors@R: person(given = "Pengyi",
family = "Yang",
role = c("aut", "cre"),
email = "yangpy7@gmail.com")
as necessary.
Flavors: r-devel-linux-x86_64-debian-clang, r-devel-linux-x86_64-debian-gcc