Last updated on 2025-10-26 00:48:44 CEST.
| Flavor | Version | Tinstall | Tcheck | Ttotal | Status | Flags | 
|---|---|---|---|---|---|---|
| r-devel-linux-x86_64-debian-clang | 0.4.0.1 | 28.26 | 43.74 | 72.00 | WARN | |
| r-devel-linux-x86_64-debian-gcc | 0.4.0.1 | 17.01 | 36.86 | 53.87 | WARN | |
| r-devel-linux-x86_64-fedora-clang | 0.4.0.1 | 51.00 | 65.24 | 116.24 | NOTE | |
| r-devel-linux-x86_64-fedora-gcc | 0.4.0.1 | 40.00 | 66.95 | 106.95 | NOTE | |
| r-devel-windows-x86_64 | 0.4.0.1 | 34.00 | 79.00 | 113.00 | NOTE | |
| r-patched-linux-x86_64 | 0.4.0.1 | 25.23 | 42.29 | 67.52 | NOTE | |
| r-release-linux-x86_64 | 0.4.0.1 | 23.66 | 44.84 | 68.50 | NOTE | |
| r-release-macos-arm64 | 0.4.0.1 | 11.00 | 25.00 | 36.00 | NOTE | |
| r-release-macos-x86_64 | 0.4.0.1 | 14.00 | 39.00 | 53.00 | NOTE | |
| r-release-windows-x86_64 | 0.4.0.1 | 36.00 | 70.00 | 106.00 | NOTE | |
| r-oldrel-macos-arm64 | 0.4.0.1 | 12.00 | 21.00 | 33.00 | NOTE | |
| r-oldrel-macos-x86_64 | 0.4.0.1 | 12.00 | 29.00 | 41.00 | NOTE | |
| r-oldrel-windows-x86_64 | 0.4.0.1 | 41.00 | 87.00 | 128.00 | NOTE | 
Version: 0.4.0.1
Check: CRAN incoming feasibility
Result: NOTE
  Maintainer: ‘Emil Sjoerup <emilsjoerup@live.dk>’
  
  No Authors@R field in DESCRIPTION.
  Please add one, modifying
    Authors@R: person(given = "Emil",
                      family = "Sjoerup",
                      role = c("aut", "cre"),
                      email = "emilsjoerup@live.dk")
  as necessary.
Flavors: r-devel-linux-x86_64-debian-clang, r-devel-linux-x86_64-debian-gcc
Version: 0.4.0.1
Check: whether package can be installed
Result: WARN
  Found the following significant warnings:
    /home/hornik/tmp/R.check/r-devel-clang/Work/build/Packages/RcppArmadillo/include/RcppArmadillo/version/arma.h:66:17: warning: Using fallback compilation with Armadillo 14.6.3. Please consider defining -DARMA_USE_CURRENT and also removing C++11 compilation directive. See GitHub issue #475 for more. [-W#pragma-messages]
  See ‘/home/hornik/tmp/R.check/r-devel-clang/Work/PKGS/DriftBurstHypothesis.Rcheck/00install.out’ for details.
  * used C++ compiler: ‘Debian clang version 19.1.7 (7)’
Flavor: r-devel-linux-x86_64-debian-clang
Version: 0.4.0.1
Check: C++ specification
Result: NOTE
    Specified C++11: please drop specification unless essential
Flavors: r-devel-linux-x86_64-debian-clang, r-devel-linux-x86_64-debian-gcc, r-devel-linux-x86_64-fedora-clang, r-devel-linux-x86_64-fedora-gcc, r-devel-windows-x86_64, r-patched-linux-x86_64, r-release-linux-x86_64, r-release-macos-arm64, r-release-macos-x86_64, r-release-windows-x86_64, r-oldrel-macos-arm64, r-oldrel-macos-x86_64, r-oldrel-windows-x86_64
Version: 0.4.0.1
Check: whether package can be installed
Result: WARN
  Found the following significant warnings:
    /home/hornik/tmp/R.check/r-devel-gcc/Work/build/Packages/RcppArmadillo/include/RcppArmadillo/version/arma.h:66:199: note: ‘#pragma message: Using fallback compilation with Armadillo 14.6.3. Please consider defining -DARMA_USE_CURRENT and also removing C++11 compilation directive. See GitHub issue #475 for more.’
  See ‘/home/hornik/tmp/R.check/r-devel-gcc/Work/PKGS/DriftBurstHypothesis.Rcheck/00install.out’ for details.
  * used C++ compiler: ‘g++-15 (Debian 15.2.0-4) 15.2.0’
Flavor: r-devel-linux-x86_64-debian-gcc