Last updated on 2025-10-26 13:49:56 CET.
| Flavor | Version | Tinstall | Tcheck | Ttotal | Status | Flags |
|---|---|---|---|---|---|---|
| r-devel-linux-x86_64-debian-clang | 0.1.0 | 1.62 | 18.13 | 19.75 | OK | |
| r-devel-linux-x86_64-debian-gcc | 0.1.0 | 1.37 | 15.07 | 16.44 | OK | |
| r-devel-linux-x86_64-fedora-clang | 0.1.0 | 28.79 | NOTE | |||
| r-devel-linux-x86_64-fedora-gcc | 0.1.0 | 27.56 | NOTE | |||
| r-devel-windows-x86_64 | 0.1.0 | 3.00 | 44.00 | 47.00 | OK | |
| r-patched-linux-x86_64 | 0.1.0 | 1.68 | 17.01 | 18.69 | OK | |
| r-release-linux-x86_64 | 0.1.0 | 1.64 | 17.11 | 18.75 | OK | |
| r-release-macos-arm64 | 0.1.0 | 1.00 | 16.00 | 17.00 | OK | |
| r-release-macos-x86_64 | 0.1.0 | 2.00 | 29.00 | 31.00 | OK | |
| r-release-windows-x86_64 | 0.1.0 | 4.00 | 35.00 | 39.00 | OK | |
| r-oldrel-macos-arm64 | 0.1.0 | 1.00 | 14.00 | 15.00 | OK | |
| r-oldrel-macos-x86_64 | 0.1.0 | 2.00 | 25.00 | 27.00 | OK | |
| r-oldrel-windows-x86_64 | 0.1.0 | 4.00 | 40.00 | 44.00 | OK |
Version: 0.1.0
Check: dependencies in R code
Result: NOTE
Namespace in Imports field not imported from: ‘dplyr’
All declared Imports should be used.
Flavors: r-devel-linux-x86_64-fedora-clang, r-devel-linux-x86_64-fedora-gcc