Last updated on 2025-10-26 00:48:46 CEST.
| Flavor | Version | Tinstall | Tcheck | Ttotal | Status | Flags |
|---|---|---|---|---|---|---|
| r-devel-linux-x86_64-debian-clang | 1.1 | 7.17 | 66.92 | 74.09 | NOTE | |
| r-devel-linux-x86_64-debian-gcc | 1.1 | 5.14 | 51.25 | 56.39 | NOTE | |
| r-devel-linux-x86_64-fedora-clang | 1.1 | 15.00 | 95.14 | 110.14 | NOTE | |
| r-devel-linux-x86_64-fedora-gcc | 1.1 | 18.00 | 90.21 | 108.21 | NOTE | |
| r-devel-windows-x86_64 | 1.1 | 9.00 | 78.00 | 87.00 | NOTE | |
| r-patched-linux-x86_64 | 1.1 | 7.48 | 63.35 | 70.83 | NOTE | |
| r-release-linux-x86_64 | 1.1 | 7.26 | 63.88 | 71.14 | NOTE | |
| r-release-macos-arm64 | 1.1 | 4.00 | 32.00 | 36.00 | NOTE | |
| r-release-macos-x86_64 | 1.1 | 7.00 | 56.00 | 63.00 | NOTE | |
| r-release-windows-x86_64 | 1.1 | 8.00 | 80.00 | 88.00 | NOTE | |
| r-oldrel-macos-arm64 | 1.1 | 4.00 | 31.00 | 35.00 | NOTE | |
| r-oldrel-macos-x86_64 | 1.1 | 6.00 | 64.00 | 70.00 | NOTE | |
| r-oldrel-windows-x86_64 | 1.1 | 12.00 | 96.00 | 108.00 | NOTE |
Version: 1.1
Check: Rd files
Result: NOTE
checkRd: (-1) FiSh-package.Rd:19: Lost braces
19 | \doi{10.3389/feart.2020.00255}{Frontiers in Earth Science, 8:255}.
| ^
checkRd: (-1) FiSh-package.Rd:32: Lost braces
32 | \doi{10.3389/feart.2020.00255}{Frontiers in Earth Science, 8:255}.
| ^
checkRd: (-1) SEP_FIM.Rd:46: Lost braces
46 | \doi{10.3389/feart.2020.00255}{Frontiers in Earth Science, 8:255}.
| ^
Flavors: r-devel-linux-x86_64-debian-clang, r-devel-linux-x86_64-debian-gcc, r-devel-linux-x86_64-fedora-clang, r-devel-linux-x86_64-fedora-gcc, r-devel-windows-x86_64, r-patched-linux-x86_64, r-release-linux-x86_64, r-release-macos-arm64, r-release-macos-x86_64, r-release-windows-x86_64, r-oldrel-macos-arm64, r-oldrel-macos-x86_64, r-oldrel-windows-x86_64