Last updated on 2025-10-26 00:48:46 CEST.
| Flavor | Version | Tinstall | Tcheck | Ttotal | Status | Flags | 
|---|---|---|---|---|---|---|
| r-devel-linux-x86_64-debian-clang | 2.1.5 | 12.53 | 105.01 | 117.54 | NOTE | |
| r-devel-linux-x86_64-debian-gcc | 2.1.5 | 9.22 | 78.61 | 87.83 | NOTE | |
| r-devel-linux-x86_64-fedora-clang | 2.1.5 | 22.00 | 152.94 | 174.94 | OK | |
| r-devel-linux-x86_64-fedora-gcc | 2.1.5 | 26.00 | 144.81 | 170.81 | OK | |
| r-devel-windows-x86_64 | 2.1.5 | 12.00 | 96.00 | 108.00 | OK | |
| r-patched-linux-x86_64 | 2.1.5 | 11.87 | 99.52 | 111.39 | OK | |
| r-release-linux-x86_64 | 2.1.5 | 11.95 | 99.69 | 111.64 | OK | |
| r-release-macos-arm64 | 2.1.5 | 8.00 | 57.00 | 65.00 | OK | |
| r-release-macos-x86_64 | 2.1.5 | 9.00 | 68.00 | 77.00 | OK | |
| r-release-windows-x86_64 | 2.1.5 | 15.00 | 98.00 | 113.00 | OK | |
| r-oldrel-macos-arm64 | 2.1.5 | 5.00 | 37.00 | 42.00 | OK | |
| r-oldrel-macos-x86_64 | 2.1.5 | 8.00 | 56.00 | 64.00 | OK | |
| r-oldrel-windows-x86_64 | 2.1.5 | 17.00 | 124.00 | 141.00 | OK | 
Version: 2.1.5
Check: CRAN incoming feasibility
Result: NOTE
  Maintainer: ‘Regis K. Gallon <reg.gallon@gmail.com>’
  
  No Authors@R field in DESCRIPTION.
  Please add one, modifying
    Authors@R: c(person(given = c("Regis", "K."),
                        family = "Gallon",
                        role = c("aut", "cre"),
                        email = "reg.gallon@gmail.com",
                        comment = "MNHN"),
                 person(given = "Jerome",
                        family = "Fournier",
                        role = "aut",
                        comment = c(ROR = "CNRS|MNHN")))
  as necessary.
  
  Package CITATION file contains call(s) to old-style personList() or
  as.personList().  Please use c() on person objects instead.
  Package CITATION file contains call(s) to old-style citEntry().  Please
  use bibentry() instead.
Flavors: r-devel-linux-x86_64-debian-clang, r-devel-linux-x86_64-debian-gcc