Last updated on 2025-10-26 00:48:47 CEST.
| Flavor | Version | Tinstall | Tcheck | Ttotal | Status | Flags |
|---|---|---|---|---|---|---|
| r-devel-linux-x86_64-debian-clang | 1.6 | 2.41 | 26.32 | 28.73 | NOTE | |
| r-devel-linux-x86_64-debian-gcc | 1.6 | 1.73 | 21.25 | 22.98 | NOTE | |
| r-devel-linux-x86_64-fedora-clang | 1.6 | 42.13 | OK | |||
| r-devel-linux-x86_64-fedora-gcc | 1.6 | 39.12 | OK | |||
| r-devel-windows-x86_64 | 1.6 | 3.00 | 49.00 | 52.00 | OK | |
| r-patched-linux-x86_64 | 1.6 | 2.06 | 25.20 | 27.26 | OK | |
| r-release-linux-x86_64 | 1.6 | 2.26 | 25.16 | 27.42 | OK | |
| r-release-macos-arm64 | 1.6 | 1.00 | 18.00 | 19.00 | OK | |
| r-release-macos-x86_64 | 1.6 | 2.00 | 28.00 | 30.00 | OK | |
| r-release-windows-x86_64 | 1.6 | 3.00 | 50.00 | 53.00 | OK | |
| r-oldrel-macos-arm64 | 1.6 | 1.00 | 15.00 | 16.00 | OK | |
| r-oldrel-macos-x86_64 | 1.6 | 2.00 | 23.00 | 25.00 | OK | |
| r-oldrel-windows-x86_64 | 1.6 | 4.00 | 56.00 | 60.00 | OK |
Version: 1.6
Check: CRAN incoming feasibility
Result: NOTE
Maintainer: ‘Osman Dag <osman.dag@hacettepe.edu.tr>’
No Authors@R field in DESCRIPTION.
Please add one, modifying
Authors@R: c(person(given = "Osman",
family = "Dag",
role = c("aut", "cre"),
email = "osman.dag@hacettepe.edu.tr"),
person(given = "Ceylan",
family = "Yozgatligil",
role = "aut"))
as necessary.
Flavors: r-devel-linux-x86_64-debian-clang, r-devel-linux-x86_64-debian-gcc