Last updated on 2025-10-26 00:48:48 CEST.
| Flavor | Version | Tinstall | Tcheck | Ttotal | Status | Flags |
|---|---|---|---|---|---|---|
| r-devel-linux-x86_64-debian-clang | 0.8.15 | 6.52 | 48.33 | 54.85 | OK | |
| r-devel-linux-x86_64-debian-gcc | 0.8.15 | 4.71 | 38.57 | 43.28 | OK | |
| r-devel-linux-x86_64-fedora-clang | 0.8.15 | 21.00 | 62.03 | 83.03 | OK | |
| r-devel-linux-x86_64-fedora-gcc | 0.8.15 | 13.00 | 81.81 | 94.81 | OK | |
| r-devel-windows-x86_64 | 0.8.15 | 7.00 | 63.00 | 70.00 | OK | |
| r-patched-linux-x86_64 | 0.8.15 | 5.93 | 45.06 | 50.99 | OK | |
| r-release-linux-x86_64 | 0.8.15 | 7.04 | 45.42 | 52.46 | OK | |
| r-release-macos-arm64 | 0.8.15 | 3.00 | 31.00 | 34.00 | OK | |
| r-release-macos-x86_64 | 0.8.15 | 6.00 | 58.00 | 64.00 | OK | |
| r-release-windows-x86_64 | 0.8.15 | 7.00 | 65.00 | 72.00 | OK | |
| r-oldrel-macos-arm64 | 0.8.15 | 2.00 | 197.00 | 199.00 | NOTE | |
| r-oldrel-macos-x86_64 | 0.8.15 | 5.00 | 222.00 | 227.00 | NOTE | |
| r-oldrel-windows-x86_64 | 0.8.15 | 7.00 | 79.00 | 86.00 | OK |
Version: 0.8.15
Check: installed package size
Result: NOTE
installed size is 5.2Mb
sub-directories of 1Mb or more:
data 4.8Mb
Flavors: r-oldrel-macos-arm64, r-oldrel-macos-x86_64