Last updated on 2025-10-26 00:48:49 CEST.
| Flavor | Version | Tinstall | Tcheck | Ttotal | Status | Flags |
|---|---|---|---|---|---|---|
| r-devel-linux-x86_64-debian-clang | 1.0.2 | 180.75 | 157.97 | 338.72 | OK | |
| r-devel-linux-x86_64-debian-gcc | 1.0.2 | 113.55 | 125.36 | 238.91 | OK | |
| r-devel-linux-x86_64-fedora-clang | 1.0.2 | 780.00 | -134.71 | 645.29 | OK | |
| r-devel-linux-x86_64-fedora-gcc | 1.0.2 | 248.00 | 310.78 | 558.78 | OK | |
| r-devel-windows-x86_64 | 1.0.2 | 189.00 | 199.00 | 388.00 | OK | |
| r-patched-linux-x86_64 | 1.0.2 | 176.85 | 160.94 | 337.79 | OK | |
| r-release-linux-x86_64 | 1.0.2 | 170.48 | 161.53 | 332.01 | OK | |
| r-release-macos-arm64 | 1.0.2 | 69.00 | 73.00 | 142.00 | OK | |
| r-release-macos-x86_64 | 1.0.2 | 53.00 | 164.00 | 217.00 | OK | |
| r-release-windows-x86_64 | 1.0.2 | 196.00 | 201.00 | 397.00 | OK | |
| r-oldrel-macos-arm64 | 1.0.2 | 68.00 | 96.00 | 164.00 | NOTE | |
| r-oldrel-macos-x86_64 | 1.0.2 | 50.00 | 152.00 | 202.00 | NOTE | |
| r-oldrel-windows-x86_64 | 1.0.2 | 222.00 | 246.00 | 468.00 | OK |
Version: 1.0.2
Check: installed package size
Result: NOTE
installed size is 22.5Mb
sub-directories of 1Mb or more:
libs 22.0Mb
Flavors: r-oldrel-macos-arm64, r-oldrel-macos-x86_64