Last updated on 2025-10-26 00:48:50 CEST.
| Flavor | Version | Tinstall | Tcheck | Ttotal | Status | Flags |
|---|---|---|---|---|---|---|
| r-devel-linux-x86_64-debian-clang | 2.0 | 4.71 | 40.40 | 45.11 | OK | |
| r-devel-linux-x86_64-debian-gcc | 2.0 | 2.88 | 30.98 | 33.86 | OK | |
| r-devel-linux-x86_64-fedora-clang | 2.0 | 11.00 | 59.66 | 70.66 | OK | |
| r-devel-linux-x86_64-fedora-gcc | 2.0 | 12.00 | 71.38 | 83.38 | OK | |
| r-devel-windows-x86_64 | 2.0 | 6.00 | 57.00 | 63.00 | OK | |
| r-patched-linux-x86_64 | 2.0 | 3.08 | 38.12 | 41.20 | OK | |
| r-release-linux-x86_64 | 2.0 | 3.85 | 38.79 | 42.64 | OK | |
| r-release-macos-arm64 | 2.0 | 3.00 | 39.00 | 42.00 | OK | |
| r-release-macos-x86_64 | 2.0 | 4.00 | 48.00 | 52.00 | OK | |
| r-release-windows-x86_64 | 2.0 | 6.00 | 61.00 | 67.00 | OK | |
| r-oldrel-macos-arm64 | 2.0 | 2.00 | 27.00 | 29.00 | NOTE | |
| r-oldrel-macos-x86_64 | 2.0 | 3.00 | 41.00 | 44.00 | NOTE | |
| r-oldrel-windows-x86_64 | 2.0 | 10.00 | 70.00 | 80.00 | NOTE |
Version: 2.0
Check: LazyData
Result: NOTE
'LazyData' is specified without a 'data' directory
Flavors: r-oldrel-macos-arm64, r-oldrel-macos-x86_64, r-oldrel-windows-x86_64