Last updated on 2025-10-26 00:48:52 CEST.
| Flavor | Version | Tinstall | Tcheck | Ttotal | Status | Flags |
|---|---|---|---|---|---|---|
| r-devel-linux-x86_64-debian-clang | 2.51 | 276.57 | 349.99 | 626.56 | OK | |
| r-devel-linux-x86_64-debian-gcc | 2.51 | 217.97 | 201.37 | 419.34 | OK | |
| r-devel-linux-x86_64-fedora-clang | 2.51 | 319.00 | 709.31 | 1028.31 | OK | |
| r-devel-linux-x86_64-fedora-gcc | 2.51 | 720.00 | 494.83 | 1214.83 | OK | |
| r-devel-windows-x86_64 | 2.51 | 312.00 | 334.00 | 646.00 | OK | |
| r-patched-linux-x86_64 | 2.51 | 304.97 | 324.04 | 629.01 | OK | |
| r-release-linux-x86_64 | 2.51 | 312.29 | 320.89 | 633.18 | OK | |
| r-release-macos-arm64 | 2.51 | 110.00 | 110.00 | 220.00 | OK | |
| r-release-macos-x86_64 | 2.51 | 98.00 | 252.00 | 350.00 | OK | |
| r-release-windows-x86_64 | 2.51 | 319.00 | 338.00 | 657.00 | OK | |
| r-oldrel-macos-arm64 | 2.51 | 100.00 | 104.00 | 204.00 | NOTE | |
| r-oldrel-macos-x86_64 | 2.51 | 83.00 | 185.00 | 268.00 | NOTE | |
| r-oldrel-windows-x86_64 | 2.51 | 373.00 | 457.00 | 830.00 | NOTE |
Version: 2.51
Check: installed package size
Result: NOTE
installed size is 45.4Mb
sub-directories of 1Mb or more:
libs 45.0Mb
Flavors: r-oldrel-macos-arm64, r-oldrel-macos-x86_64, r-oldrel-windows-x86_64