Last updated on 2025-10-26 00:48:52 CEST.
| Flavor | Version | Tinstall | Tcheck | Ttotal | Status | Flags | 
|---|---|---|---|---|---|---|
| r-devel-linux-x86_64-debian-clang | 0.1.6 | 2.95 | 31.67 | 34.62 | NOTE | |
| r-devel-linux-x86_64-debian-gcc | 0.1.6 | 2.55 | 24.10 | 26.65 | NOTE | |
| r-devel-linux-x86_64-fedora-clang | 0.1.6 | 51.54 | OK | |||
| r-devel-linux-x86_64-fedora-gcc | 0.1.6 | 19.00 | 34.10 | 53.10 | OK | |
| r-devel-windows-x86_64 | 0.1.6 | 5.00 | 49.00 | 54.00 | OK | |
| r-patched-linux-x86_64 | 0.1.6 | 3.70 | 29.44 | 33.14 | OK | |
| r-release-linux-x86_64 | 0.1.6 | 3.48 | 29.23 | 32.71 | OK | |
| r-release-macos-arm64 | 0.1.6 | 2.00 | 19.00 | 21.00 | OK | |
| r-release-macos-x86_64 | 0.1.6 | 3.00 | 33.00 | 36.00 | OK | |
| r-release-windows-x86_64 | 0.1.6 | 4.00 | 52.00 | 56.00 | OK | |
| r-oldrel-macos-arm64 | 0.1.6 | 1.00 | 16.00 | 17.00 | OK | |
| r-oldrel-macos-x86_64 | 0.1.6 | 3.00 | 23.00 | 26.00 | OK | |
| r-oldrel-windows-x86_64 | 0.1.6 | 6.00 | 62.00 | 68.00 | OK | 
Version: 0.1.6
Check: CRAN incoming feasibility
Result: NOTE
  Maintainer: ‘Henning Prömpers <henning@proempers.net>’
  
  No Authors@R field in DESCRIPTION.
  Please add one, modifying
    Authors@R: c(person(given = "Henning",
                        family = "Prömpers",
                        role = c("aut", "cre"),
                        email = "henning@proempers.net"),
                 person(given = "André",
                        family = "Guimarães",
                        role = "aut"))
  as necessary.
  
  The BugReports field in DESCRIPTION has
    https://github.com/alsguimaraes/MUS
  which should likely be
    https://github.com/alsguimaraes/MUS/issues
  instead.
Flavors: r-devel-linux-x86_64-debian-clang, r-devel-linux-x86_64-debian-gcc