Last updated on 2025-10-26 00:48:52 CEST.
| Flavor | Version | Tinstall | Tcheck | Ttotal | Status | Flags | 
|---|---|---|---|---|---|---|
| r-devel-linux-x86_64-debian-clang | 1.0 | 6.13 | 59.70 | 65.83 | NOTE | |
| r-devel-linux-x86_64-debian-gcc | 1.0 | 4.87 | 43.31 | 48.18 | NOTE | |
| r-devel-linux-x86_64-fedora-clang | 1.0 | 16.00 | 86.27 | 102.27 | OK | |
| r-devel-linux-x86_64-fedora-gcc | 1.0 | 14.00 | 81.10 | 95.10 | OK | |
| r-devel-windows-x86_64 | 1.0 | 7.00 | 68.00 | 75.00 | OK | |
| r-patched-linux-x86_64 | 1.0 | 6.22 | 57.65 | 63.87 | OK | |
| r-release-linux-x86_64 | 1.0 | 6.14 | 56.91 | 63.05 | OK | |
| r-release-macos-arm64 | 1.0 | 3.00 | 29.00 | 32.00 | OK | |
| r-release-macos-x86_64 | 1.0 | 6.00 | 55.00 | 61.00 | OK | |
| r-release-windows-x86_64 | 1.0 | 7.00 | 72.00 | 79.00 | OK | |
| r-oldrel-macos-arm64 | 1.0 | 3.00 | 29.00 | 32.00 | OK | |
| r-oldrel-macos-x86_64 | 1.0 | 5.00 | 44.00 | 49.00 | OK | |
| r-oldrel-windows-x86_64 | 1.0 | 10.00 | 87.00 | 97.00 | OK | 
Version: 1.0
Check: CRAN incoming feasibility
Result: NOTE
  Maintainer: ‘Edilberto Cepeda <ecepedac@unal.edu.co>’
  
  No Authors@R field in DESCRIPTION.
  Please add one, modifying
    Authors@R: c(person(given = "Edilberto",
                        family = "Cepeda-Cuervo",
                        role = "aut"),
                 person(given = c("Maria", "Victoria"),
                        family = "Cifuentes-Amado",
                        role = "aut"),
                 person(given = "Margarita",
                        family = "Marin",
                        role = "aut"),
                 person(given = "Edilberto",
                        family = "Cepeda",
                        role = "cre",
                        email = "ecepedac@unal.edu.co"))
  as necessary.
Flavors: r-devel-linux-x86_64-debian-clang, r-devel-linux-x86_64-debian-gcc