Last updated on 2025-10-26 00:48:53 CEST.
| Flavor | Version | Tinstall | Tcheck | Ttotal | Status | Flags |
|---|---|---|---|---|---|---|
| r-devel-linux-x86_64-debian-clang | 1.0 | 9.81 | 74.25 | 84.06 | NOTE | |
| r-devel-linux-x86_64-debian-gcc | 1.0 | 7.06 | 55.35 | 62.41 | NOTE | |
| r-devel-linux-x86_64-fedora-clang | 1.0 | 19.00 | 116.87 | 135.87 | OK | |
| r-devel-linux-x86_64-fedora-gcc | 1.0 | 19.00 | 102.59 | 121.59 | OK | |
| r-devel-windows-x86_64 | 1.0 | 9.00 | 76.00 | 85.00 | OK | |
| r-patched-linux-x86_64 | 1.0 | 8.51 | 71.08 | 79.59 | OK | |
| r-release-linux-x86_64 | 1.0 | 8.69 | 70.65 | 79.34 | OK | |
| r-release-macos-arm64 | 1.0 | 4.00 | 33.00 | 37.00 | OK | |
| r-release-macos-x86_64 | 1.0 | 8.00 | 73.00 | 81.00 | OK | |
| r-release-windows-x86_64 | 1.0 | 10.00 | 78.00 | 88.00 | OK | |
| r-oldrel-macos-arm64 | 1.0 | 3.00 | 31.00 | 34.00 | OK | |
| r-oldrel-macos-x86_64 | 1.0 | 6.00 | 55.00 | 61.00 | OK | |
| r-oldrel-windows-x86_64 | 1.0 | 13.00 | 100.00 | 113.00 | OK |
Version: 1.0
Check: CRAN incoming feasibility
Result: NOTE
Maintainer: ‘Qi Yan <qiy17@pitt.edu>’
No Authors@R field in DESCRIPTION.
Please add one, modifying
Authors@R: person(given = "Qi",
family = "Yan",
role = c("aut", "cre"),
email = "qiy17@pitt.edu")
as necessary.
Flavors: r-devel-linux-x86_64-debian-clang, r-devel-linux-x86_64-debian-gcc