Last updated on 2025-10-26 00:48:54 CEST.
| Flavor | Version | Tinstall | Tcheck | Ttotal | Status | Flags | 
|---|---|---|---|---|---|---|
| r-devel-linux-x86_64-debian-clang | 0.1.0 | 65.37 | 59.44 | 124.81 | OK | |
| r-devel-linux-x86_64-debian-gcc | 0.1.0 | 49.29 | 44.90 | 94.19 | OK | |
| r-devel-linux-x86_64-fedora-clang | 0.1.0 | 269.00 | -61.12 | 207.88 | OK | |
| r-devel-linux-x86_64-fedora-gcc | 0.1.0 | 148.00 | 69.90 | 217.90 | OK | |
| r-devel-windows-x86_64 | 0.1.0 | 67.00 | 92.00 | 159.00 | OK | |
| r-patched-linux-x86_64 | 0.1.0 | 72.64 | 56.33 | 128.97 | OK | |
| r-release-linux-x86_64 | 0.1.0 | 73.08 | 56.78 | 129.86 | OK | |
| r-release-macos-arm64 | 0.1.0 | 28.00 | 31.00 | 59.00 | OK | |
| r-release-macos-x86_64 | 0.1.0 | 60.00 | 49.00 | 109.00 | OK | |
| r-release-windows-x86_64 | 0.1.0 | 70.00 | 91.00 | 161.00 | OK | |
| r-oldrel-macos-arm64 | 0.1.0 | 28.00 | 29.00 | 57.00 | NOTE | |
| r-oldrel-macos-x86_64 | 0.1.0 | 71.00 | 47.00 | 118.00 | NOTE | |
| r-oldrel-windows-x86_64 | 0.1.0 | 84.00 | 113.00 | 197.00 | OK | 
Version: 0.1.0
Check: installed package size
Result: NOTE
    installed size is  9.2Mb
    sub-directories of 1Mb or more:
      libs   8.6Mb
Flavors: r-oldrel-macos-arm64, r-oldrel-macos-x86_64