Last updated on 2025-10-26 00:48:55 CEST.
| Flavor | Version | Tinstall | Tcheck | Ttotal | Status | Flags |
|---|---|---|---|---|---|---|
| r-devel-linux-x86_64-debian-clang | 0.0.3.1 | 14.55 | 109.43 | 123.98 | OK | |
| r-devel-linux-x86_64-debian-gcc | 0.0.3.1 | 12.63 | 76.91 | 89.54 | OK | |
| r-devel-linux-x86_64-fedora-clang | 0.0.3.1 | 54.00 | 135.09 | 189.09 | NOTE | |
| r-devel-linux-x86_64-fedora-gcc | 0.0.3.1 | 29.00 | 116.95 | 145.95 | NOTE | |
| r-devel-windows-x86_64 | 0.0.3.1 | 15.00 | 105.00 | 120.00 | OK | |
| r-patched-linux-x86_64 | 0.0.3.1 | 12.86 | 102.89 | 115.75 | OK | |
| r-release-linux-x86_64 | 0.0.3.1 | 12.51 | 101.74 | 114.25 | OK | |
| r-release-macos-arm64 | 0.0.3.1 | 6.00 | 43.00 | 49.00 | OK | |
| r-release-macos-x86_64 | 0.0.3.1 | 15.00 | 102.00 | 117.00 | OK | |
| r-release-windows-x86_64 | 0.0.3.1 | 14.00 | 112.00 | 126.00 | OK | |
| r-oldrel-macos-arm64 | 0.0.3.1 | 5.00 | 54.00 | 59.00 | OK | |
| r-oldrel-macos-x86_64 | 0.0.3.1 | 15.00 | 82.00 | 97.00 | OK | |
| r-oldrel-windows-x86_64 | 0.0.3.1 | 20.00 | 142.00 | 162.00 | OK |
Version: 0.0.3.1
Check: dependencies in R code
Result: NOTE
Namespace in Imports field not imported from: ‘progressr’
All declared Imports should be used.
Flavors: r-devel-linux-x86_64-fedora-clang, r-devel-linux-x86_64-fedora-gcc