Last updated on 2025-10-26 00:48:54 CEST.
| Flavor | Version | Tinstall | Tcheck | Ttotal | Status | Flags | 
|---|---|---|---|---|---|---|
| r-devel-linux-x86_64-debian-clang | 1.3.3 | 6.17 | 53.88 | 60.05 | NOTE | |
| r-devel-linux-x86_64-debian-gcc | 1.3.3 | 4.73 | 39.86 | 44.59 | NOTE | |
| r-devel-linux-x86_64-fedora-clang | 1.3.3 | 14.00 | 78.80 | 92.80 | OK | |
| r-devel-linux-x86_64-fedora-gcc | 1.3.3 | 11.00 | 73.74 | 84.74 | OK | |
| r-devel-windows-x86_64 | 1.3.3 | 7.00 | 65.00 | 72.00 | OK | |
| r-patched-linux-x86_64 | 1.3.3 | 5.31 | 52.10 | 57.41 | OK | |
| r-release-linux-x86_64 | 1.3.3 | 6.38 | 51.88 | 58.26 | OK | |
| r-release-macos-arm64 | 1.3.3 | 3.00 | 28.00 | 31.00 | OK | |
| r-release-macos-x86_64 | 1.3.3 | 6.00 | 47.00 | 53.00 | OK | |
| r-release-windows-x86_64 | 1.3.3 | 7.00 | 67.00 | 74.00 | OK | |
| r-oldrel-macos-arm64 | 1.3.3 | 3.00 | 27.00 | 30.00 | OK | |
| r-oldrel-macos-x86_64 | 1.3.3 | 4.00 | 38.00 | 42.00 | OK | |
| r-oldrel-windows-x86_64 | 1.3.3 | 9.00 | 77.00 | 86.00 | OK | 
Version: 1.3.3
Check: CRAN incoming feasibility
Result: NOTE
  Maintainer: ‘Ran Gao <rgao8@uic.edu>’
  
  No Authors@R field in DESCRIPTION.
  Please add one, modifying
    Authors@R: c(person(given = "Anup",
                        family = "Amatya",
                        role = "aut"),
                 person(given = "Hakan",
                        family = "Demirtas",
                        role = "aut"),
                 person(given = "Ran",
                        family = "Gao",
                        role = c("aut", "cre"),
                        email = "rgao8@uic.edu"))
  as necessary.
Flavors: r-devel-linux-x86_64-debian-clang, r-devel-linux-x86_64-debian-gcc