Last updated on 2025-10-28 12:49:17 CET.
| Flavor | Version | Tinstall | Tcheck | Ttotal | Status | Flags |
|---|---|---|---|---|---|---|
| r-devel-linux-x86_64-debian-clang | 1.0 | 3.50 | 39.43 | 42.93 | NOTE | |
| r-devel-linux-x86_64-debian-gcc | 1.0 | 2.97 | 30.72 | 33.69 | NOTE | |
| r-devel-linux-x86_64-fedora-clang | 1.0 | 66.18 | OK | |||
| r-devel-linux-x86_64-fedora-gcc | 1.0 | 63.98 | OK | |||
| r-devel-windows-x86_64 | 1.0 | 5.00 | 63.00 | 68.00 | OK | |
| r-patched-linux-x86_64 | 1.0 | 4.24 | 37.54 | 41.78 | OK | |
| r-release-linux-x86_64 | 1.0 | 3.36 | 37.07 | 40.43 | OK | |
| r-release-macos-arm64 | 1.0 | 2.00 | 24.00 | 26.00 | OK | |
| r-release-macos-x86_64 | 1.0 | 3.00 | 38.00 | 41.00 | OK | |
| r-release-windows-x86_64 | 1.0 | 5.00 | 68.00 | 73.00 | OK | |
| r-oldrel-macos-arm64 | 1.0 | 2.00 | 23.00 | 25.00 | OK | |
| r-oldrel-macos-x86_64 | 1.0 | 3.00 | 35.00 | 38.00 | OK | |
| r-oldrel-windows-x86_64 | 1.0 | 5.00 | 70.00 | 75.00 | OK |
Version: 1.0
Check: CRAN incoming feasibility
Result: NOTE
Maintainer: ‘Feng Chen <feng.chen@unsw.edu.au>’
Package CITATION file contains call(s) to old-style citEntry(). Please
use bibentry() instead.
Flavors: r-devel-linux-x86_64-debian-clang, r-devel-linux-x86_64-debian-gcc