Last updated on 2025-10-26 00:48:57 CEST.
| Flavor | Version | Tinstall | Tcheck | Ttotal | Status | Flags | 
|---|---|---|---|---|---|---|
| r-devel-linux-x86_64-debian-clang | 1.2.4 | 3.16 | 36.01 | 39.17 | NOTE | |
| r-devel-linux-x86_64-debian-gcc | 1.2.4 | 2.11 | 27.63 | 29.74 | NOTE | |
| r-devel-linux-x86_64-fedora-clang | 1.2.4 | 59.64 | OK | |||
| r-devel-linux-x86_64-fedora-gcc | 1.2.4 | 69.01 | OK | |||
| r-devel-windows-x86_64 | 1.2.4 | 4.00 | 59.00 | 63.00 | OK | |
| r-patched-linux-x86_64 | 1.2.4 | 3.37 | 33.82 | 37.19 | OK | |
| r-release-linux-x86_64 | 1.2.4 | 2.82 | 34.00 | 36.82 | OK | |
| r-release-macos-arm64 | 1.2.4 | 2.00 | 37.00 | 39.00 | OK | |
| r-release-macos-x86_64 | 1.2.4 | 3.00 | 48.00 | 51.00 | OK | |
| r-release-windows-x86_64 | 1.2.4 | 4.00 | 59.00 | 63.00 | OK | |
| r-oldrel-macos-arm64 | 1.2.4 | 1.00 | 25.00 | 26.00 | OK | |
| r-oldrel-macos-x86_64 | 1.2.4 | 3.00 | 40.00 | 43.00 | OK | |
| r-oldrel-windows-x86_64 | 1.2.4 | 5.00 | 65.00 | 70.00 | OK | 
Version: 1.2.4
Check: CRAN incoming feasibility
Result: NOTE
  Maintainer: ‘Anthony Christidis <anthony.christidis@stat.ubc.ca>’
  
  No Authors@R field in DESCRIPTION.
  Please add one, modifying
    Authors@R: c(person(given = "Anthony",
                        family = "Christidis",
                        role = c("aut", "cre"),
                        email = "anthony.christidis@stat.ubc.ca"),
                 person(given = "Shengyu",
                        family = "Zhang",
                        role = "aut",
                        email = "syzhang@uw.edu"),
                 person(given = "Douglas",
                        family = "Martin",
                        role = "aut",
                        email = "doug@amath.washington.edu"))
  as necessary.
Flavors: r-devel-linux-x86_64-debian-clang, r-devel-linux-x86_64-debian-gcc