Last updated on 2025-10-26 00:48:57 CEST.
| Flavor | Version | Tinstall | Tcheck | Ttotal | Status | Flags | 
|---|---|---|---|---|---|---|
| r-devel-linux-x86_64-debian-clang | 1.2.5 | 2.92 | 45.59 | 48.51 | NOTE | |
| r-devel-linux-x86_64-debian-gcc | 1.2.5 | 2.41 | 32.79 | 35.20 | NOTE | |
| r-devel-linux-x86_64-fedora-clang | 1.2.5 | 75.06 | OK | |||
| r-devel-linux-x86_64-fedora-gcc | 1.2.5 | 83.47 | OK | |||
| r-devel-windows-x86_64 | 1.2.5 | 4.00 | 61.00 | 65.00 | OK | |
| r-patched-linux-x86_64 | 1.2.5 | 3.40 | 41.94 | 45.34 | OK | |
| r-release-linux-x86_64 | 1.2.5 | 2.92 | 41.50 | 44.42 | OK | |
| r-release-macos-arm64 | 1.2.5 | 2.00 | 41.00 | 43.00 | OK | |
| r-release-macos-x86_64 | 1.2.5 | 3.00 | 73.00 | 76.00 | OK | |
| r-release-windows-x86_64 | 1.2.5 | 5.00 | 62.00 | 67.00 | OK | |
| r-oldrel-macos-arm64 | 1.2.5 | 1.00 | 25.00 | 26.00 | OK | |
| r-oldrel-macos-x86_64 | 1.2.5 | 2.00 | 39.00 | 41.00 | OK | |
| r-oldrel-windows-x86_64 | 1.2.5 | 6.00 | 74.00 | 80.00 | OK | 
Version: 1.2.5
Check: CRAN incoming feasibility
Result: NOTE
  Maintainer: ‘Anthony Christidis <anthony.christidis@stat.ubc.ca>’
  
  No Authors@R field in DESCRIPTION.
  Please add one, modifying
    Authors@R: c(person(given = "Anthony",
                        family = "Christidis",
                        role = c("aut", "cre"),
                        email = "anthony.christidis@stat.ubc.ca"),
                 person(given = "Xin",
                        family = "Chen",
                        role = "aut",
                        email = "chenx26@uw.edu"))
  as necessary.
Flavors: r-devel-linux-x86_64-debian-clang, r-devel-linux-x86_64-debian-gcc