Last updated on 2025-10-26 00:48:56 CEST.
| Flavor | Version | Tinstall | Tcheck | Ttotal | Status | Flags |
|---|---|---|---|---|---|---|
| r-devel-linux-x86_64-debian-clang | 0.3.2 | 13.15 | 108.46 | 121.61 | NOTE | |
| r-devel-linux-x86_64-debian-gcc | 0.3.2 | 9.32 | 83.70 | 93.02 | NOTE | |
| r-devel-linux-x86_64-fedora-clang | 0.3.2 | 67.00 | 135.75 | 202.75 | OK | |
| r-devel-linux-x86_64-fedora-gcc | 0.3.2 | 69.00 | 141.56 | 210.56 | OK | |
| r-devel-windows-x86_64 | 0.3.2 | 14.00 | 119.00 | 133.00 | OK | |
| r-patched-linux-x86_64 | 0.3.2 | 12.97 | 105.18 | 118.15 | OK | |
| r-release-linux-x86_64 | 0.3.2 | 13.93 | 105.62 | 119.55 | OK | |
| r-release-macos-arm64 | 0.3.2 | 8.00 | 62.00 | 70.00 | OK | |
| r-release-macos-x86_64 | 0.3.2 | 16.00 | 111.00 | 127.00 | OK | |
| r-release-windows-x86_64 | 0.3.2 | 16.00 | 123.00 | 139.00 | OK | |
| r-oldrel-macos-arm64 | 0.3.2 | 7.00 | 56.00 | 63.00 | OK | |
| r-oldrel-macos-x86_64 | 0.3.2 | 10.00 | 88.00 | 98.00 | OK | |
| r-oldrel-windows-x86_64 | 0.3.2 | 20.00 | 151.00 | 171.00 | OK |
Version: 0.3.2
Check: CRAN incoming feasibility
Result: NOTE
Maintainer: ‘Juan A. Ferrer-Bonsoms <jafhernandez@tecnun.es>’
No Authors@R field in DESCRIPTION.
Please add one, modifying
Authors@R: c(person(given = c("Juan", "A."),
family = "Ferrer-Bonsoms",
role = c("aut", "cre"),
email = "jafhernandez@tecnun.es"),
person(given = "Laura",
family = "Jareno",
role = "aut"),
person(given = "Angel",
family = "Rubio",
role = "aut"))
as necessary.
Flavors: r-devel-linux-x86_64-debian-clang, r-devel-linux-x86_64-debian-gcc