Last updated on 2025-10-26 00:48:56 CEST.
| Flavor | Version | Tinstall | Tcheck | Ttotal | Status | Flags |
|---|---|---|---|---|---|---|
| r-devel-linux-x86_64-debian-clang | 0.0.1 | 4.44 | 56.53 | 60.97 | NOTE | |
| r-devel-linux-x86_64-debian-gcc | 0.0.1 | 3.58 | 40.48 | 44.06 | NOTE | |
| r-devel-linux-x86_64-fedora-clang | 0.0.1 | 37.00 | 70.73 | 107.73 | NOTE | |
| r-devel-linux-x86_64-fedora-gcc | 0.0.1 | 87.82 | NOTE | |||
| r-devel-windows-x86_64 | 0.0.1 | 6.00 | 66.00 | 72.00 | NOTE | |
| r-patched-linux-x86_64 | 0.0.1 | 4.21 | 53.22 | 57.43 | NOTE | |
| r-release-linux-x86_64 | 0.0.1 | 3.73 | 52.35 | 56.08 | NOTE | |
| r-release-macos-arm64 | 0.0.1 | 3.00 | 41.00 | 44.00 | NOTE | |
| r-release-macos-x86_64 | 0.0.1 | 4.00 | 70.00 | 74.00 | NOTE | |
| r-release-windows-x86_64 | 0.0.1 | 6.00 | 66.00 | 72.00 | NOTE | |
| r-oldrel-macos-arm64 | 0.0.1 | 2.00 | 24.00 | 26.00 | NOTE | |
| r-oldrel-macos-x86_64 | 0.0.1 | 3.00 | 36.00 | 39.00 | NOTE | |
| r-oldrel-windows-x86_64 | 0.0.1 | 7.00 | 90.00 | 97.00 | NOTE |
Version: 0.0.1
Check: package subdirectories
Result: NOTE
Problems with news in ‘NEWS.md’:
No news entries found.
Flavors: r-devel-linux-x86_64-debian-clang, r-devel-linux-x86_64-debian-gcc, r-devel-linux-x86_64-fedora-clang, r-devel-linux-x86_64-fedora-gcc, r-devel-windows-x86_64, r-patched-linux-x86_64, r-release-linux-x86_64, r-release-macos-arm64, r-release-macos-x86_64, r-release-windows-x86_64, r-oldrel-macos-arm64, r-oldrel-macos-x86_64, r-oldrel-windows-x86_64
Version: 0.0.1
Check: dependencies in R code
Result: NOTE
Namespace in Imports field not imported from: ‘stringi’
All declared Imports should be used.
Flavors: r-devel-linux-x86_64-fedora-clang, r-devel-linux-x86_64-fedora-gcc