Last updated on 2025-10-26 00:48:56 CEST.
| Flavor | Version | Tinstall | Tcheck | Ttotal | Status | Flags |
|---|---|---|---|---|---|---|
| r-devel-linux-x86_64-debian-clang | 0.1.1 | 14.85 | 104.24 | 119.09 | OK | |
| r-devel-linux-x86_64-debian-gcc | 0.1.1 | 9.81 | 71.27 | 81.08 | OK | |
| r-devel-linux-x86_64-fedora-clang | 0.1.1 | 123.00 | 83.00 | 206.00 | OK | |
| r-devel-linux-x86_64-fedora-gcc | 0.1.1 | 32.00 | 143.57 | 175.57 | OK | |
| r-devel-windows-x86_64 | 0.1.1 | 14.00 | 110.00 | 124.00 | OK | |
| r-patched-linux-x86_64 | 0.1.1 | 14.01 | 98.04 | 112.05 | OK | |
| r-release-linux-x86_64 | 0.1.1 | 13.90 | 98.95 | 112.85 | OK | |
| r-release-macos-arm64 | 0.1.1 | 5.00 | 40.00 | 45.00 | OK | |
| r-release-macos-x86_64 | 0.1.1 | 13.00 | 97.00 | 110.00 | OK | |
| r-release-windows-x86_64 | 0.1.1 | 16.00 | 111.00 | 127.00 | OK | |
| r-oldrel-macos-arm64 | 0.1.1 | 5.00 | 43.00 | 48.00 | WARN | |
| r-oldrel-macos-x86_64 | 0.1.1 | 12.00 | 99.00 | 111.00 | WARN | |
| r-oldrel-windows-x86_64 | 0.1.1 | 21.00 | 140.00 | 161.00 | WARN |
Version: 0.1.1
Check: Rd cross-references
Result: WARN
Missing link or links in Rd file 'LFD.Rd':
‘plot.H_LFD ’
See section 'Cross-references' in the 'Writing R Extensions' manual.
Flavors: r-oldrel-macos-arm64, r-oldrel-macos-x86_64, r-oldrel-windows-x86_64