Last updated on 2025-10-26 00:48:57 CEST.
| Flavor | Version | Tinstall | Tcheck | Ttotal | Status | Flags | 
|---|---|---|---|---|---|---|
| r-devel-linux-x86_64-debian-clang | 1.0.2 | 8.33 | 64.98 | 73.31 | NOTE | |
| r-devel-linux-x86_64-debian-gcc | 1.0.2 | 7.10 | 46.53 | 53.63 | NOTE | |
| r-devel-linux-x86_64-fedora-clang | 1.0.2 | 54.00 | 66.32 | 120.32 | OK | |
| r-devel-linux-x86_64-fedora-gcc | 1.0.2 | 20.00 | 88.63 | 108.63 | OK | |
| r-devel-windows-x86_64 | 1.0.2 | 12.00 | 77.00 | 89.00 | OK | |
| r-patched-linux-x86_64 | 1.0.2 | 10.18 | 60.00 | 70.18 | OK | |
| r-release-linux-x86_64 | 1.0.2 | 9.29 | 59.87 | 69.16 | OK | |
| r-release-macos-arm64 | 1.0.2 | 6.00 | 32.00 | 38.00 | OK | |
| r-release-macos-x86_64 | 1.0.2 | 13.00 | 57.00 | 70.00 | OK | |
| r-release-windows-x86_64 | 1.0.2 | 12.00 | 80.00 | 92.00 | OK | |
| r-oldrel-macos-arm64 | 1.0.2 | 6.00 | 30.00 | 36.00 | OK | |
| r-oldrel-macos-x86_64 | 1.0.2 | 9.00 | 63.00 | 72.00 | OK | |
| r-oldrel-windows-x86_64 | 1.0.2 | 16.00 | 100.00 | 116.00 | OK | 
Version: 1.0.2
Check: CRAN incoming feasibility
Result: NOTE
  Maintainer: ‘Yuwen Gu <yuwen.gu@uconn.edu>’
  
  No Authors@R field in DESCRIPTION.
  Please add one, modifying
    Authors@R: c(person(given = "Yuwen",
                        family = "Gu",
                        role = c("aut", "cre"),
                        email = "yuwen.gu@uconn.edu"),
                 person(given = "Hui",
                        family = "Zou",
                        role = "aut",
                        email = "zouxx019@umn.edu"))
  as necessary.
Flavors: r-devel-linux-x86_64-debian-clang, r-devel-linux-x86_64-debian-gcc