Last updated on 2025-10-26 00:49:00 CEST.
| Flavor | Version | Tinstall | Tcheck | Ttotal | Status | Flags | 
|---|---|---|---|---|---|---|
| r-devel-linux-x86_64-debian-clang | 5.2.1 | 4.62 | 41.31 | 45.93 | NOTE | |
| r-devel-linux-x86_64-debian-gcc | 5.2.1 | 3.11 | 31.12 | 34.23 | NOTE | |
| r-devel-linux-x86_64-fedora-clang | 5.2.1 | 12.00 | 61.20 | 73.20 | OK | |
| r-devel-linux-x86_64-fedora-gcc | 5.2.1 | 22.00 | 52.08 | 74.08 | NOTE | |
| r-devel-windows-x86_64 | 5.2.1 | 7.00 | 56.00 | 63.00 | OK | |
| r-patched-linux-x86_64 | 5.2.1 | 5.45 | 39.97 | 45.42 | OK | |
| r-release-linux-x86_64 | 5.2.1 | 5.30 | 40.10 | 45.40 | OK | |
| r-release-macos-arm64 | 5.2.1 | 3.00 | 23.00 | 26.00 | OK | |
| r-release-macos-x86_64 | 5.2.1 | 4.00 | 33.00 | 37.00 | OK | |
| r-release-windows-x86_64 | 5.2.1 | 7.00 | 57.00 | 64.00 | OK | |
| r-oldrel-macos-arm64 | 5.2.1 | 2.00 | 20.00 | 22.00 | OK | |
| r-oldrel-macos-x86_64 | 5.2.1 | 4.00 | 27.00 | 31.00 | OK | |
| r-oldrel-windows-x86_64 | 5.2.1 | 8.00 | 68.00 | 76.00 | OK | 
Version: 5.2.1
Check: CRAN incoming feasibility
Result: NOTE
  Maintainer: ‘Deniz Akdemir <deniz.akdemir.work@gmail.com>’
  
  No Authors@R field in DESCRIPTION.
  Please add one, modifying
    Authors@R: person(given = "Deniz",
                      family = "Akdemir",
                      role = c("aut", "cre"),
                      email = "deniz.akdemir.work@gmail.com")
  as necessary.
Flavors: r-devel-linux-x86_64-debian-clang, r-devel-linux-x86_64-debian-gcc
Version: 5.2.1
Check: Rd files
Result: NOTE
  checkRd: (-1) CRITERIA.Rd:93-161: Only 21 columns allowed in this table (row 1 has 3)
  checkRd: (-1) CRITERIA.Rd:93-161: Only 21 columns allowed in this table (row 2 has 3)
  checkRd: (-1) CRITERIA.Rd:93-161: Only 21 columns allowed in this table (row 3 has 3)
  checkRd: (-1) CRITERIA.Rd:93-161: Only 21 columns allowed in this table (row 4 has 3)
  checkRd: (-1) CRITERIA.Rd:93-161: Only 21 columns allowed in this table (row 5 has 3)
  checkRd: (-1) CRITERIA.Rd:93-161: Only 21 columns allowed in this table (row 6 has 3)
  checkRd: (-1) CRITERIA.Rd:93-161: Only 21 columns allowed in this table (row 7 has 3)
  checkRd: (-1) CRITERIA.Rd:93-161: Only 21 columns allowed in this table (row 8 has 3)
  checkRd: (-1) CRITERIA.Rd:93-161: Only 21 columns allowed in this table (row 9 has 3)
  checkRd: (-1) CRITERIA.Rd:93-161: Only 21 columns allowed in this table (row 10 has 3)
  checkRd: (-1) CRITERIA.Rd:93-161: Only 21 columns allowed in this table (row 11 has 3)
  checkRd: (-1) CRITERIA.Rd:93-161: Only 21 columns allowed in this table (row 12 has 3)
  checkRd: (-1) CRITERIA.Rd:93-161: Only 21 columns allowed in this table (row 13 has 3)
  checkRd: (-1) CRITERIA.Rd:93-161: Only 21 columns allowed in this table (row 14 has 3)
  checkRd: (-1) CRITERIA.Rd:93-161: Only 21 columns allowed in this table (row 15 has 3)
  checkRd: (-1) CRITERIA.Rd:93-161: Only 21 columns allowed in this table (row 16 has 3)
  checkRd: (-1) CRITERIA.Rd:93-161: Only 21 columns allowed in this table (row 17 has 3)
  checkRd: (-1) CRITERIA.Rd:93-161: Only 21 columns allowed in this table (row 18 has 3)
  checkRd: (-1) CRITERIA.Rd:93-161: Only 21 columns allowed in this table (row 19 has 3)
  checkRd: (-1) CRITERIA.Rd:93-161: Only 21 columns allowed in this table (row 20 has 3)
  checkRd: (-1) CRITERIA.Rd:93-161: Only 21 columns allowed in this table (row 21 has 3)
  checkRd: (-1) CRITERIA.Rd:93-161: Only 21 columns allowed in this table (row 22 has 3)
  checkRd: (-1) CRITERIA.Rd:93-161: Only 21 columns allowed in this table (row 23 has 3)
  checkRd: (-1) CRITERIA.Rd:93-161: Only 21 columns allowed in this table (row 24 has 3)
  checkRd: (-1) CRITERIA.Rd:93-161: Only 21 columns allowed in this table (row 25 has 3)
  checkRd: (-1) CRITERIA.Rd:93-161: Only 21 columns allowed in this table (row 26 has 3)
  checkRd: (-1) CRITERIA.Rd:93-161: Only 21 columns allowed in this table (row 27 has 3)
  checkRd: (-1) CRITERIA.Rd:93-161: Only 21 columns allowed in this table (row 28 has 3)
  checkRd: (-1) CRITERIA.Rd:93-161: Only 21 columns allowed in this table (row 29 has 3)
  checkRd: (-1) CRITERIA.Rd:93-161: Only 21 columns allowed in this table (row 30 has 3)
  checkRd: (-1) CRITERIA.Rd:93-161: Only 21 columns allowed in this table (row 31 has 3)
  checkRd: (-1) CRITERIA.Rd:93-161: Only 21 columns allowed in this table (row 32 has 3)
  checkRd: (-1) CRITERIA.Rd:93-161: Only 21 columns allowed in this table (row 33 has 3)
  checkRd: (-1) CRITERIA.Rd:93-161: Only 21 columns allowed in this table (row 34 has 3)
  checkRd: (-1) CRITERIA.Rd:93-161: Only 21 columns allowed in this table (row 35 has 3)
  checkRd: (-1) CRITERIA.Rd:93-161: Only 21 columns allowed in this table (row 36 has 3)
  checkRd: (-1) CRITERIA.Rd:93-161: Only 21 columns allowed in this table (row 37 has 3)
  checkRd: (-1) CRITERIA.Rd:93-161: Only 21 columns allowed in this table (row 38 has 3)
  checkRd: (-1) CRITERIA.Rd:93-161: Only 21 columns allowed in this table (row 39 has 3)
  checkRd: (-1) CRITERIA.Rd:93-161: Only 21 columns allowed in this table (row 40 has 3)
  checkRd: (-1) CRITERIA.Rd:93-161: Only 21 columns allowed in this table (row 41 has 3)
  checkRd: (-1) CRITERIA.Rd:93-161: Only 21 columns allowed in this table (row 42 has 3)
  checkRd: (-1) CRITERIA.Rd:93-161: Only 21 columns allowed in this table (row 43 has 3)
  checkRd: (-1) CRITERIA.Rd:93-161: Only 21 columns allowed in this table (row 44 has 3)
  checkRd: (-1) CRITERIA.Rd:93-161: Only 21 columns allowed in this table (row 45 has 3)
Flavors: r-devel-linux-x86_64-debian-clang, r-devel-linux-x86_64-debian-gcc, r-devel-linux-x86_64-fedora-gcc