Last updated on 2025-10-26 00:48:58 CEST.
| Flavor | Version | Tinstall | Tcheck | Ttotal | Status | Flags | 
|---|---|---|---|---|---|---|
| r-devel-linux-x86_64-debian-clang | 0.3.1 | 36.35 | 255.69 | 292.04 | NOTE | |
| r-devel-linux-x86_64-debian-gcc | 0.3.1 | 25.88 | 192.97 | 218.85 | NOTE | |
| r-devel-linux-x86_64-fedora-clang | 0.3.1 | 88.00 | 394.67 | 482.67 | NOTE | |
| r-devel-linux-x86_64-fedora-gcc | 0.3.1 | 85.00 | 402.19 | 487.19 | NOTE | |
| r-devel-windows-x86_64 | 0.3.1 | 33.00 | 210.00 | 243.00 | OK | |
| r-patched-linux-x86_64 | 0.3.1 | 42.06 | 274.75 | 316.81 | NOTE | |
| r-release-linux-x86_64 | 0.3.1 | 43.30 | 274.57 | 317.87 | NOTE | |
| r-release-macos-arm64 | 0.3.1 | 40.00 | 206.00 | 246.00 | OK | |
| r-release-macos-x86_64 | 0.3.1 | 47.00 | 320.00 | 367.00 | OK | |
| r-release-windows-x86_64 | 0.3.1 | 34.00 | 215.00 | 249.00 | OK | |
| r-oldrel-macos-arm64 | 0.3.1 | 40.00 | 214.00 | 254.00 | OK | |
| r-oldrel-macos-x86_64 | 0.3.1 | 34.00 | 226.00 | 260.00 | OK | |
| r-oldrel-windows-x86_64 | 0.3.1 | 45.00 | 293.00 | 338.00 | OK | 
Version: 0.3.1
Check: CRAN incoming feasibility
Result: NOTE
  Maintainer: ‘Bettina Budeus <bettina.budeus@stud.uni-due.de>’
  
  No Authors@R field in DESCRIPTION.
  Please add one, modifying
    Authors@R: person(given = "Bettina",
                      family = "Budeus",
                      role = c("aut", "cre"),
                      email = "bettina.budeus@stud.uni-due.de")
  as necessary.
  
  Package CITATION file contains call(s) to old-style personList() or
  as.personList().  Please use c() on person objects instead.
  Package CITATION file contains call(s) to old-style citEntry().  Please
  use bibentry() instead.
Flavors: r-devel-linux-x86_64-debian-clang, r-devel-linux-x86_64-debian-gcc
Version: 0.3.1
Check: for non-standard things in the check directory
Result: NOTE
  Found the following files/directories:
    ‘assocpointpair_result.csv’ ‘foundereffectfinder_result.csv’
    ‘getfreqs_result.csv’ ‘getfreqs_result.png’ ‘orPlot.pdf1_1.pdf’
    ‘orPlot.pdf2_1.pdf’ ‘orPlot.pdf3_1.pdf’ ‘orPlot.pdf4_1.pdf’
    ‘orPlot.pdf5_1.pdf’ ‘orPlot.pdf6_1.pdf’ ‘orPlot.pdf7_1.pdf’
    ‘orPlot.pdf8_1.pdf’ ‘q-values_result.csv’ ‘rewritetuple_result.csv’
    ‘tartan_plot.pdf’ ‘vispair_plot.pdf’ ‘vispairfeat_plot.pdf’
    ‘volcano_plot.pdf’
Flavors: r-devel-linux-x86_64-debian-clang, r-devel-linux-x86_64-debian-gcc, r-devel-linux-x86_64-fedora-clang, r-devel-linux-x86_64-fedora-gcc, r-patched-linux-x86_64, r-release-linux-x86_64