Last updated on 2025-10-26 00:49:00 CEST.
| Flavor | Version | Tinstall | Tcheck | Ttotal | Status | Flags |
|---|---|---|---|---|---|---|
| r-devel-linux-x86_64-debian-clang | 0.5-3 | 35.50 | 43.70 | 79.20 | NOTE | |
| r-devel-linux-x86_64-debian-gcc | 0.5-3 | 22.83 | 31.58 | 54.41 | NOTE | |
| r-devel-linux-x86_64-fedora-clang | 0.5-3 | 54.00 | 92.99 | 146.99 | NOTE | |
| r-devel-linux-x86_64-fedora-gcc | 0.5-3 | 52.00 | 77.59 | 129.59 | NOTE | |
| r-devel-windows-x86_64 | 0.5-3 | 44.00 | 83.00 | 127.00 | NOTE | |
| r-patched-linux-x86_64 | 0.5-3 | 35.02 | 40.90 | 75.92 | NOTE | |
| r-release-linux-x86_64 | 0.5-3 | 33.85 | 41.44 | 75.29 | NOTE | |
| r-release-macos-arm64 | 0.5-3 | 15.00 | 23.00 | 38.00 | NOTE | |
| r-release-macos-x86_64 | 0.5-3 | 14.00 | 37.00 | 51.00 | NOTE | |
| r-release-windows-x86_64 | 0.5-3 | 46.00 | 87.00 | 133.00 | NOTE | |
| r-oldrel-macos-arm64 | 0.5-3 | 15.00 | 22.00 | 37.00 | NOTE | |
| r-oldrel-macos-x86_64 | 0.5-3 | 14.00 | 32.00 | 46.00 | NOTE | |
| r-oldrel-windows-x86_64 | 0.5-3 | 54.00 | 105.00 | 159.00 | NOTE |
Version: 0.5-3
Check: Rd files
Result: NOTE
checkRd: (-1) FitAkdParameters.Rd:23: Lost braces; missing escapes or markup?
23 | p(y|ens) = 1 / K * sum {dnorm(y, z.i, s)} \cr
| ^
Flavors: r-devel-linux-x86_64-debian-clang, r-devel-linux-x86_64-debian-gcc, r-devel-linux-x86_64-fedora-clang, r-devel-linux-x86_64-fedora-gcc, r-devel-windows-x86_64, r-patched-linux-x86_64, r-release-linux-x86_64, r-release-macos-arm64, r-release-macos-x86_64, r-release-windows-x86_64, r-oldrel-macos-arm64, r-oldrel-macos-x86_64, r-oldrel-windows-x86_64