Last updated on 2025-10-26 00:49:01 CEST.
| Flavor | Version | Tinstall | Tcheck | Ttotal | Status | Flags | 
|---|---|---|---|---|---|---|
| r-devel-linux-x86_64-debian-clang | 0.1.0 | 7.14 | 75.83 | 82.97 | OK | |
| r-devel-linux-x86_64-debian-gcc | 0.1.0 | 6.04 | 55.39 | 61.43 | OK | |
| r-devel-linux-x86_64-fedora-clang | 0.1.0 | 16.00 | 123.71 | 139.71 | NOTE | |
| r-devel-linux-x86_64-fedora-gcc | 0.1.0 | 17.00 | 116.20 | 133.20 | NOTE | |
| r-devel-windows-x86_64 | 0.1.0 | 8.00 | 89.00 | 97.00 | OK | |
| r-patched-linux-x86_64 | 0.1.0 | 7.54 | 72.47 | 80.01 | OK | |
| r-release-linux-x86_64 | 0.1.0 | 6.86 | 76.08 | 82.94 | OK | |
| r-release-macos-arm64 | 0.1.0 | 4.00 | 38.00 | 42.00 | OK | |
| r-release-macos-x86_64 | 0.1.0 | 6.00 | 71.00 | 77.00 | OK | |
| r-release-windows-x86_64 | 0.1.0 | 8.00 | 90.00 | 98.00 | OK | |
| r-oldrel-macos-arm64 | 0.1.0 | 3.00 | 34.00 | 37.00 | NOTE | |
| r-oldrel-macos-x86_64 | 0.1.0 | 5.00 | 49.00 | 54.00 | NOTE | |
| r-oldrel-windows-x86_64 | 0.1.0 | 10.00 | 106.00 | 116.00 | NOTE | 
Version: 0.1.0
Check: dependencies in R code
Result: NOTE
  Namespace in Imports field not imported from: ‘base’
    All declared Imports should be used.
Flavors: r-devel-linux-x86_64-fedora-clang, r-devel-linux-x86_64-fedora-gcc
Version: 0.1.0
Check: LazyData
Result: NOTE
    'LazyData' is specified without a 'data' directory
Flavors: r-oldrel-macos-arm64, r-oldrel-macos-x86_64, r-oldrel-windows-x86_64