Last updated on 2025-10-26 00:49:03 CEST.
| Flavor | Version | Tinstall | Tcheck | Ttotal | Status | Flags |
|---|---|---|---|---|---|---|
| r-devel-linux-x86_64-debian-clang | 1.0.7 | 56.87 | 477.40 | 534.27 | OK | |
| r-devel-linux-x86_64-debian-gcc | 1.0.7 | 40.47 | 328.89 | 369.36 | OK | |
| r-devel-linux-x86_64-fedora-clang | 1.0.7 | 307.00 | 594.97 | 901.97 | OK | |
| r-devel-linux-x86_64-fedora-gcc | 1.0.7 | 273.00 | 613.04 | 886.04 | OK | |
| r-devel-windows-x86_64 | 1.0.7 | 56.00 | 437.00 | 493.00 | OK | |
| r-patched-linux-x86_64 | 1.0.7 | 52.93 | 451.00 | 503.93 | OK | |
| r-release-linux-x86_64 | 1.0.7 | 49.36 | 445.24 | 494.60 | OK | |
| r-release-macos-arm64 | 1.0.7 | 24.00 | 109.00 | 133.00 | OK | |
| r-release-macos-x86_64 | 1.0.7 | 50.00 | 246.00 | 296.00 | OK | |
| r-release-windows-x86_64 | 1.0.7 | 55.00 | 439.00 | 494.00 | OK | |
| r-oldrel-macos-arm64 | 1.0.7 | 22.00 | 119.00 | 141.00 | OK | |
| r-oldrel-macos-x86_64 | 1.0.7 | 45.00 | 258.00 | 303.00 | NOTE | |
| r-oldrel-windows-x86_64 | 1.0.7 | 77.00 | 572.00 | 649.00 | OK |
Version: 1.0.7
Check: package dependencies
Result: NOTE
Package suggested but not available for checking: ‘ggtreeExtra’
Flavor: r-oldrel-macos-x86_64