Last updated on 2025-10-26 00:49:04 CEST.
| Flavor | Version | Tinstall | Tcheck | Ttotal | Status | Flags |
|---|---|---|---|---|---|---|
| r-devel-linux-x86_64-debian-clang | 0.3.0 | 2.69 | 48.33 | 51.02 | NOTE | |
| r-devel-linux-x86_64-debian-gcc | 0.3.0 | 1.80 | 40.68 | 42.48 | NOTE | |
| r-devel-linux-x86_64-fedora-clang | 0.3.0 | 76.42 | NOTE | |||
| r-devel-linux-x86_64-fedora-gcc | 0.3.0 | 89.81 | NOTE | |||
| r-devel-windows-x86_64 | 0.3.0 | 4.00 | 119.00 | 123.00 | NOTE | |
| r-patched-linux-x86_64 | 0.3.0 | 2.47 | 45.99 | 48.46 | NOTE | |
| r-release-linux-x86_64 | 0.3.0 | 2.58 | 45.66 | 48.24 | NOTE | |
| r-release-macos-arm64 | 0.3.0 | 2.00 | 71.00 | 73.00 | NOTE | |
| r-release-macos-x86_64 | 0.3.0 | 3.00 | 131.00 | 134.00 | NOTE | |
| r-release-windows-x86_64 | 0.3.0 | 5.00 | 127.00 | 132.00 | NOTE | |
| r-oldrel-macos-arm64 | 0.3.0 | 1.00 | 62.00 | 63.00 | NOTE | |
| r-oldrel-macos-x86_64 | 0.3.0 | 2.00 | 85.00 | 87.00 | NOTE | |
| r-oldrel-windows-x86_64 | 0.3.0 | 5.00 | 164.00 | 169.00 | NOTE |
Version: 0.3.0
Check: package subdirectories
Result: NOTE
Problems with news in ‘NEWS.md’:
No news entries found.
Flavors: r-devel-linux-x86_64-debian-clang, r-devel-linux-x86_64-debian-gcc, r-devel-linux-x86_64-fedora-clang, r-devel-linux-x86_64-fedora-gcc, r-devel-windows-x86_64, r-patched-linux-x86_64, r-release-linux-x86_64, r-release-macos-arm64, r-release-macos-x86_64, r-release-windows-x86_64, r-oldrel-macos-arm64, r-oldrel-macos-x86_64, r-oldrel-windows-x86_64