Last updated on 2025-10-28 12:49:23 CET.
| Flavor | Version | Tinstall | Tcheck | Ttotal | Status | Flags |
|---|---|---|---|---|---|---|
| r-devel-linux-x86_64-debian-clang | 1.1.6 | 36.84 | 26.65 | 63.49 | OK | |
| r-devel-linux-x86_64-debian-gcc | 1.1.6 | 28.74 | 24.36 | 53.10 | OK | |
| r-devel-linux-x86_64-fedora-clang | 1.1.6 | 82.00 | 30.26 | 112.26 | OK | |
| r-devel-linux-x86_64-fedora-gcc | 1.1.6 | 54.00 | 62.89 | 116.89 | OK | |
| r-devel-windows-x86_64 | 1.1.6 | 48.00 | 80.00 | 128.00 | OK | |
| r-patched-linux-x86_64 | 1.1.0 | 42.71 | 29.25 | 71.96 | OK | |
| r-release-linux-x86_64 | 1.1.0 | 41.64 | 29.52 | 71.16 | OK | |
| r-release-macos-arm64 | 1.1.6 | 18.00 | 18.00 | 36.00 | OK | |
| r-release-macos-x86_64 | 1.1.6 | 52.00 | 59.00 | 111.00 | OK | |
| r-release-windows-x86_64 | 1.1.0 | 45.00 | 67.00 | 112.00 | OK | |
| r-oldrel-macos-arm64 | 1.1.6 | 18.00 | 23.00 | 41.00 | NOTE | |
| r-oldrel-macos-x86_64 | 1.1.6 | 49.00 | 54.00 | 103.00 | NOTE | |
| r-oldrel-windows-x86_64 | 1.1.6 | 52.00 | 84.00 | 136.00 | OK |
Version: 1.1.6
Check: installed package size
Result: NOTE
installed size is 15.1Mb
sub-directories of 1Mb or more:
libs 15.0Mb
Flavors: r-oldrel-macos-arm64, r-oldrel-macos-x86_64