Last updated on 2025-10-26 00:49:04 CEST.
| Flavor | Version | Tinstall | Tcheck | Ttotal | Status | Flags | 
|---|---|---|---|---|---|---|
| r-devel-linux-x86_64-debian-clang | 2.0.0 | 11.28 | 96.31 | 107.59 | NOTE | |
| r-devel-linux-x86_64-debian-gcc | 2.0.0 | 7.86 | 68.31 | 76.17 | NOTE | |
| r-devel-linux-x86_64-fedora-clang | 2.0.0 | 27.00 | 144.89 | 171.89 | OK | |
| r-devel-linux-x86_64-fedora-gcc | 2.0.0 | 26.00 | 134.83 | 160.83 | OK | |
| r-devel-windows-x86_64 | 2.0.0 | 13.00 | 99.00 | 112.00 | OK | |
| r-patched-linux-x86_64 | 2.0.0 | 10.77 | 91.38 | 102.15 | OK | |
| r-release-linux-x86_64 | 2.0.0 | 10.24 | 91.50 | 101.74 | OK | |
| r-release-macos-arm64 | 2.0.0 | 4.00 | 34.00 | 38.00 | OK | |
| r-release-macos-x86_64 | 2.0.0 | 10.00 | 66.00 | 76.00 | OK | |
| r-release-windows-x86_64 | 2.0.0 | 14.00 | 99.00 | 113.00 | OK | |
| r-oldrel-macos-arm64 | 2.0.0 | 5.00 | 36.00 | 41.00 | NOTE | |
| r-oldrel-macos-x86_64 | 2.0.0 | 7.00 | 52.00 | 59.00 | NOTE | |
| r-oldrel-windows-x86_64 | 2.0.0 | 16.00 | 128.00 | 144.00 | NOTE | 
Version: 2.0.0
Check: CRAN incoming feasibility
Result: NOTE
  Maintainer: ‘Cody Moore <Jumper9400@gmail.com>’
  
  No Authors@R field in DESCRIPTION.
  Please add one, modifying
    Authors@R: person(given = "Cody",
                      family = "Moore",
                      role = c("aut", "cre"),
                      email = "jumper9400@gmail.com")
  as necessary.
Flavors: r-devel-linux-x86_64-debian-clang, r-devel-linux-x86_64-debian-gcc
Version: 2.0.0
Check: LazyData
Result: NOTE
    'LazyData' is specified without a 'data' directory
Flavors: r-oldrel-macos-arm64, r-oldrel-macos-x86_64, r-oldrel-windows-x86_64