CRAN Package Check Results for Package abglasso

Last updated on 2025-10-26 00:48:40 CEST.

Flavor Version Tinstall Tcheck Ttotal Status Flags
r-devel-linux-x86_64-debian-clang 0.1.1 1.76 19.92 21.68 OK
r-devel-linux-x86_64-debian-gcc 0.1.1 1.53 16.70 18.23 OK
r-devel-linux-x86_64-fedora-clang 0.1.1 33.69 NOTE
r-devel-linux-x86_64-fedora-gcc 0.1.1 32.74 NOTE
r-devel-windows-x86_64 0.1.1 2.00 45.00 47.00 OK
r-patched-linux-x86_64 0.1.1 1.50 18.78 20.28 OK
r-release-linux-x86_64 0.1.1 1.41 18.92 20.33 OK
r-release-macos-arm64 0.1.1 1.00 16.00 17.00 OK
r-release-macos-x86_64 0.1.1 2.00 22.00 24.00 OK
r-release-windows-x86_64 0.1.1 3.00 39.00 42.00 OK
r-oldrel-macos-arm64 0.1.1 1.00 14.00 15.00 OK
r-oldrel-macos-x86_64 0.1.1 2.00 21.00 23.00 OK
r-oldrel-windows-x86_64 0.1.1 2.00 43.00 45.00 OK

Check Details

Version: 0.1.1
Check: dependencies in R code
Result: NOTE Namespace in Imports field not imported from: ‘MASS’ All declared Imports should be used. Flavors: r-devel-linux-x86_64-fedora-clang, r-devel-linux-x86_64-fedora-gcc