Last updated on 2025-10-26 00:48:40 CEST.
| Flavor | Version | Tinstall | Tcheck | Ttotal | Status | Flags | 
|---|---|---|---|---|---|---|
| r-devel-linux-x86_64-debian-clang | 1.15.1 | 8.70 | 64.96 | 73.66 | NOTE | |
| r-devel-linux-x86_64-debian-gcc | 1.15.1 | 5.81 | 49.15 | 54.96 | NOTE | |
| r-devel-linux-x86_64-fedora-clang | 1.15.1 | 17.00 | 93.66 | 110.66 | NOTE | |
| r-devel-linux-x86_64-fedora-gcc | 1.15.1 | 19.00 | 89.99 | 108.99 | NOTE | |
| r-devel-windows-x86_64 | 1.15.1 | 12.00 | 81.00 | 93.00 | OK | |
| r-patched-linux-x86_64 | 1.15.1 | 8.92 | 62.12 | 71.04 | OK | |
| r-release-linux-x86_64 | 1.15.1 | 8.85 | 62.45 | 71.30 | OK | |
| r-release-macos-arm64 | 1.15.1 | 8.00 | 44.00 | 52.00 | OK | |
| r-release-macos-x86_64 | 1.15.1 | 9.00 | 53.00 | 62.00 | OK | |
| r-release-windows-x86_64 | 1.15.1 | 12.00 | 84.00 | 96.00 | OK | |
| r-oldrel-macos-arm64 | 1.15.1 | 5.00 | 32.00 | 37.00 | OK | |
| r-oldrel-macos-x86_64 | 1.15.1 | 12.00 | 52.00 | 64.00 | OK | |
| r-oldrel-windows-x86_64 | 1.15.1 | 14.00 | 99.00 | 113.00 | OK | 
Version: 1.15.1
Check: CRAN incoming feasibility
Result: NOTE
  Maintainer: ‘Anders Gorst-Rasmussen <agorstras@gmail.com>’
  
  Package CITATION file contains call(s) to old-style personList() or
  as.personList().  Please use c() on person objects instead.
  Package CITATION file contains call(s) to old-style citEntry().  Please
  use bibentry() instead.
Flavors: r-devel-linux-x86_64-debian-clang, r-devel-linux-x86_64-debian-gcc
Version: 1.15.1
Check: compiled code
Result: NOTE
  File ‘ahaz/libs/ahaz.so’:
    Found no calls to: ‘R_registerRoutines’, ‘R_useDynamicSymbols’
  
  It is good practice to register native routines and to disable symbol
  search.
  
  See ‘Writing portable packages’ in the ‘Writing R Extensions’ manual.
Flavors: r-devel-linux-x86_64-fedora-clang, r-devel-linux-x86_64-fedora-gcc