Last updated on 2025-10-28 01:50:26 CET.
| Flavor | Version | Tinstall | Tcheck | Ttotal | Status | Flags |
|---|---|---|---|---|---|---|
| r-devel-linux-x86_64-debian-clang | 0.0.1 | 2.86 | 99.66 | 102.52 | OK | |
| r-devel-linux-x86_64-debian-gcc | 0.0.1 | 2.13 | 71.85 | 73.98 | OK | |
| r-devel-linux-x86_64-fedora-clang | 0.0.1 | 16.00 | 132.68 | 148.68 | NOTE | |
| r-devel-linux-x86_64-fedora-gcc | 0.0.1 | 144.83 | NOTE | |||
| r-devel-windows-x86_64 | 0.0.1 | 5.00 | 90.00 | 95.00 | OK | |
| r-patched-linux-x86_64 | 0.0.1 | 3.10 | 85.22 | 88.32 | OK | |
| r-release-linux-x86_64 | 0.0.1 | 2.94 | 85.98 | 88.92 | OK | |
| r-release-macos-arm64 | 0.0.1 | 2.00 | 63.00 | 65.00 | OK | |
| r-release-macos-x86_64 | 0.0.1 | 3.00 | 96.00 | 99.00 | OK | |
| r-release-windows-x86_64 | 0.0.1 | 5.00 | 92.00 | 97.00 | OK | |
| r-oldrel-macos-arm64 | 0.0.1 | 1.00 | 38.00 | 39.00 | OK | |
| r-oldrel-macos-x86_64 | 0.0.1 | 2.00 | 74.00 | 76.00 | OK | |
| r-oldrel-windows-x86_64 | 0.0.1 | 7.00 | 116.00 | 123.00 | OK |
Version: 0.0.1
Check: dependencies in R code
Result: NOTE
Namespace in Imports field not imported from: ‘purrr’
All declared Imports should be used.
Flavors: r-devel-linux-x86_64-fedora-clang, r-devel-linux-x86_64-fedora-gcc