Last updated on 2025-10-26 00:48:40 CEST.
| Flavor | Version | Tinstall | Tcheck | Ttotal | Status | Flags |
|---|---|---|---|---|---|---|
| r-devel-linux-x86_64-debian-clang | 0.9.8.1 | 40.63 | 219.14 | 259.77 | NOTE | |
| r-devel-linux-x86_64-debian-gcc | 0.9.8.1 | 26.01 | 132.86 | 158.87 | NOTE | |
| r-devel-linux-x86_64-fedora-clang | 0.9.8.1 | 92.00 | 332.26 | 424.26 | NOTE | |
| r-devel-linux-x86_64-fedora-gcc | 0.9.8.1 | 92.00 | 309.52 | 401.52 | NOTE | |
| r-devel-windows-x86_64 | 0.9.8.1 | 40.00 | 193.00 | 233.00 | NOTE | |
| r-patched-linux-x86_64 | 0.9.8.1 | 38.00 | 204.18 | 242.18 | NOTE | |
| r-release-linux-x86_64 | 0.9.8.1 | 37.53 | 204.86 | 242.39 | NOTE | |
| r-release-macos-arm64 | 0.9.8.1 | 26.00 | 103.00 | 129.00 | NOTE | |
| r-release-macos-x86_64 | 0.9.8.1 | 31.00 | 143.00 | 174.00 | NOTE | |
| r-release-windows-x86_64 | 0.9.8.1 | 41.00 | 188.00 | 229.00 | NOTE | |
| r-oldrel-macos-arm64 | 0.9.8.1 | 16.00 | 71.00 | 87.00 | NOTE | |
| r-oldrel-macos-x86_64 | 0.9.8.1 | 25.00 | 117.00 | 142.00 | NOTE | |
| r-oldrel-windows-x86_64 | 0.9.8.1 | 50.00 | 259.00 | 309.00 | NOTE |
Version: 0.9.8.1
Check: Rd files
Result: NOTE
checkRd: (-1) ataCoKriging.Rd:52: Lost braces; missing escapes or markup?
52 | only one contrained condition for all points and all variables, \\sum_{i=1}^n\\lambda_i +\\sum_{j=1}^m\\beta_j =1, assuming expected means of variables known and constant with the study area.
| ^
checkRd: (-1) ataCoKriging.Rd:52: Lost braces; missing escapes or markup?
52 | only one contrained condition for all points and all variables, \\sum_{i=1}^n\\lambda_i +\\sum_{j=1}^m\\beta_j =1, assuming expected means of variables known and constant with the study area.
| ^
Flavors: r-devel-linux-x86_64-debian-clang, r-devel-linux-x86_64-debian-gcc, r-devel-linux-x86_64-fedora-clang, r-devel-linux-x86_64-fedora-gcc, r-devel-windows-x86_64, r-patched-linux-x86_64, r-release-linux-x86_64, r-release-macos-arm64, r-release-macos-x86_64, r-release-windows-x86_64, r-oldrel-macos-arm64, r-oldrel-macos-x86_64, r-oldrel-windows-x86_64
Version: 0.9.8.1
Check: for unstated dependencies in ‘demo’
Result: NOTE
'library' or 'require' call not declared from: ‘sp’
Flavors: r-devel-linux-x86_64-debian-clang, r-devel-linux-x86_64-debian-gcc, r-patched-linux-x86_64, r-release-linux-x86_64