Last updated on 2025-10-26 00:48:41 CEST.
| Flavor | Version | Tinstall | Tcheck | Ttotal | Status | Flags |
|---|---|---|---|---|---|---|
| r-devel-linux-x86_64-debian-clang | 1.0.0 | 123.44 | 132.78 | 256.22 | OK | |
| r-devel-linux-x86_64-debian-gcc | 1.0.0 | 122.26 | 105.72 | 227.98 | OK | |
| r-devel-linux-x86_64-fedora-clang | 1.0.0 | 660.00 | -230.71 | 429.29 | OK | |
| r-devel-linux-x86_64-fedora-gcc | 1.0.0 | 392.00 | 100.13 | 492.13 | OK | |
| r-devel-windows-x86_64 | 1.0.0 | 148.00 | 152.00 | 300.00 | OK | |
| r-patched-linux-x86_64 | 1.0.0 | 158.89 | 136.29 | 295.18 | OK | |
| r-release-linux-x86_64 | 1.0.0 | 157.11 | 135.66 | 292.77 | OK | |
| r-release-macos-arm64 | 1.0.0 | 51.00 | 49.00 | 100.00 | OK | |
| r-release-macos-x86_64 | 1.0.0 | 129.00 | 134.00 | 263.00 | OK | |
| r-release-windows-x86_64 | 1.0.0 | 149.00 | 154.00 | 303.00 | OK | |
| r-oldrel-macos-arm64 | 1.0.0 | 51.00 | 46.00 | 97.00 | NOTE | |
| r-oldrel-macos-x86_64 | 1.0.0 | 82.00 | 72.00 | 154.00 | NOTE | |
| r-oldrel-windows-x86_64 | 1.0.0 | 168.00 | 194.00 | 362.00 | NOTE |
Version: 1.0.0
Check: installed package size
Result: NOTE
installed size is 43.7Mb
sub-directories of 1Mb or more:
libs 43.1Mb
Flavors: r-oldrel-macos-arm64, r-oldrel-macos-x86_64
Version: 1.0.0
Check: for GNU extensions in Makefiles
Result: NOTE
GNU make is a SystemRequirements.
Flavors: r-oldrel-macos-arm64, r-oldrel-macos-x86_64, r-oldrel-windows-x86_64