Last updated on 2025-10-26 00:48:41 CEST.
| Flavor | Version | Tinstall | Tcheck | Ttotal | Status | Flags |
|---|---|---|---|---|---|---|
| r-devel-linux-x86_64-debian-clang | 0.1.0 | 1.57 | 17.98 | 19.55 | NOTE | |
| r-devel-linux-x86_64-debian-gcc | 0.1.0 | 1.32 | 15.14 | 16.46 | NOTE | |
| r-devel-linux-x86_64-fedora-clang | 0.1.0 | 29.70 | OK | |||
| r-devel-linux-x86_64-fedora-gcc | 0.1.0 | 27.38 | OK | |||
| r-devel-windows-x86_64 | 0.1.0 | 3.00 | 33.00 | 36.00 | OK | |
| r-patched-linux-x86_64 | 0.1.0 | 1.80 | 17.08 | 18.88 | OK | |
| r-release-linux-x86_64 | 0.1.0 | 1.74 | 17.20 | 18.94 | OK | |
| r-release-macos-arm64 | 0.1.0 | 1.00 | 14.00 | 15.00 | OK | |
| r-release-macos-x86_64 | 0.1.0 | 2.00 | 26.00 | 28.00 | OK | |
| r-release-windows-x86_64 | 0.1.0 | 2.00 | 35.00 | 37.00 | OK | |
| r-oldrel-macos-arm64 | 0.1.0 | 1.00 | 17.00 | 18.00 | NOTE | |
| r-oldrel-macos-x86_64 | 0.1.0 | 1.00 | 22.00 | 23.00 | NOTE | |
| r-oldrel-windows-x86_64 | 0.1.0 | 2.00 | 33.00 | 35.00 | NOTE |
Version: 0.1.0
Check: CRAN incoming feasibility
Result: NOTE
Maintainer: ‘Telmo M Silva Filho <tmfilho@gmail.com>’
No Authors@R field in DESCRIPTION.
Please add one, modifying
Authors@R: c(person(given = c("Telmo", "M", "Silva"),
family = "Filho",
role = c("aut", "cre"),
email = "tmfilho@gmail.com"),
person(given = "Meelis",
family = "Kull",
role = "aut"))
as necessary.
Flavors: r-devel-linux-x86_64-debian-clang, r-devel-linux-x86_64-debian-gcc
Version: 0.1.0
Check: LazyData
Result: NOTE
'LazyData' is specified without a 'data' directory
Flavors: r-oldrel-macos-arm64, r-oldrel-macos-x86_64, r-oldrel-windows-x86_64