Last updated on 2025-10-26 00:48:41 CEST.
| Flavor | Version | Tinstall | Tcheck | Ttotal | Status | Flags | 
|---|---|---|---|---|---|---|
| r-devel-linux-x86_64-debian-clang | 1.0-2 | 7.50 | 42.77 | 50.27 | NOTE | |
| r-devel-linux-x86_64-debian-gcc | 1.0-2 | 4.02 | 31.42 | 35.44 | NOTE | |
| r-devel-linux-x86_64-fedora-clang | 1.0-2 | 26.00 | 53.46 | 79.46 | NOTE | |
| r-devel-linux-x86_64-fedora-gcc | 1.0-2 | 16.00 | 55.39 | 71.39 | NOTE | |
| r-devel-windows-x86_64 | 1.0-2 | 8.00 | 53.00 | 61.00 | OK | |
| r-patched-linux-x86_64 | 1.0-2 | 7.28 | 39.96 | 47.24 | OK | |
| r-release-linux-x86_64 | 1.0-2 | 6.96 | 40.27 | 47.23 | OK | |
| r-release-macos-arm64 | 1.0-2 | 3.00 | 24.00 | 27.00 | OK | |
| r-release-macos-x86_64 | 1.0-2 | 7.00 | 41.00 | 48.00 | OK | |
| r-release-windows-x86_64 | 1.0-2 | 9.00 | 57.00 | 66.00 | OK | |
| r-oldrel-macos-arm64 | 1.0-2 | 3.00 | 20.00 | 23.00 | OK | |
| r-oldrel-macos-x86_64 | 1.0-2 | 5.00 | 30.00 | 35.00 | OK | |
| r-oldrel-windows-x86_64 | 1.0-2 | 12.00 | 68.00 | 80.00 | OK | 
Version: 1.0-2
Check: CRAN incoming feasibility
Result: NOTE
  Maintainer: ‘Furong Sun <furongs@vt.edu>’
  
  No Authors@R field in DESCRIPTION.
  Please add one, modifying
    Authors@R: c(person(given = "Furong",
                        family = "Sun",
                        role = c("aut", "cre"),
                        email = "furongs@vt.edu"),
                 person(given = "Zhonggai",
                        family = "Li",
                        role = "aut",
                        email = "zli@bostonbiomedical.com"))
  as necessary.
Flavors: r-devel-linux-x86_64-debian-clang, r-devel-linux-x86_64-debian-gcc
Version: 1.0-2
Check: dependencies in R code
Result: NOTE
  Namespace in Imports field not imported from: ‘shiny’
    All declared Imports should be used.
Flavors: r-devel-linux-x86_64-fedora-clang, r-devel-linux-x86_64-fedora-gcc