Last updated on 2025-10-26 00:48:41 CEST.
| Flavor | Version | Tinstall | Tcheck | Ttotal | Status | Flags | 
|---|---|---|---|---|---|---|
| r-devel-linux-x86_64-debian-clang | 0.3.0 | 2.93 | 36.32 | 39.25 | NOTE | |
| r-devel-linux-x86_64-debian-gcc | 0.3.0 | 2.03 | 28.66 | 30.69 | NOTE | |
| r-devel-linux-x86_64-fedora-clang | 0.3.0 | 10.00 | 52.35 | 62.35 | NOTE | |
| r-devel-linux-x86_64-fedora-gcc | 0.3.0 | 57.14 | NOTE | |||
| r-devel-windows-x86_64 | 0.3.0 | 5.00 | 56.00 | 61.00 | OK | |
| r-patched-linux-x86_64 | 0.3.0 | 3.20 | 34.86 | 38.06 | OK | |
| r-release-linux-x86_64 | 0.3.0 | 2.92 | 34.23 | 37.15 | OK | |
| r-release-macos-arm64 | 0.3.0 | 1.00 | 22.00 | 23.00 | OK | |
| r-release-macos-x86_64 | 0.3.0 | 3.00 | 36.00 | 39.00 | OK | |
| r-release-windows-x86_64 | 0.3.0 | 5.00 | 58.00 | 63.00 | OK | |
| r-oldrel-macos-arm64 | 0.3.0 | 1.00 | 22.00 | 23.00 | OK | |
| r-oldrel-macos-x86_64 | 0.3.0 | 3.00 | 36.00 | 39.00 | OK | |
| r-oldrel-windows-x86_64 | 0.3.0 | 6.00 | 70.00 | 76.00 | OK | 
Version: 0.3.0
Check: CRAN incoming feasibility
Result: NOTE
  Maintainer: ‘Elias Carvalho <ecacarva@gmail.com>’
  
  No Authors@R field in DESCRIPTION.
  Please add one, modifying
    Authors@R: c(person(given = "Elias",
                        family = "Carvalho",
                        role = c("aut", "cre"),
                        email = "ecacarva@gmail.com"),
                 person(given = c("Joao", "R", "N"),
                        family = "Vissoci",
                        role = "aut"),
                 person(given = "Luciano",
                        family = "Andrade",
                        role = "aut"),
                 person(given = "Wagner",
                        family = "Machado",
                        role = "aut"),
                 person(given = c("Emerson", "P"),
                        family = "Cabrera",
                        role = "aut"),
                 person(given = c("Julio", "C"),
                        family = "Nievola",
                        role = "aut"))
  as necessary.
Flavors: r-devel-linux-x86_64-debian-clang, r-devel-linux-x86_64-debian-gcc
Version: 0.3.0
Check: dependencies in R code
Result: NOTE
  Namespaces in Imports field not imported from:
    ‘Rgraphviz’ ‘fastDummies’
    All declared Imports should be used.
Flavors: r-devel-linux-x86_64-fedora-clang, r-devel-linux-x86_64-fedora-gcc