Last updated on 2025-10-26 00:48:42 CEST.
| Flavor | Version | Tinstall | Tcheck | Ttotal | Status | Flags |
|---|---|---|---|---|---|---|
| r-devel-linux-x86_64-debian-clang | 0.1 | 1.49 | 19.10 | 20.59 | OK | |
| r-devel-linux-x86_64-debian-gcc | 0.1 | 1.33 | 15.75 | 17.08 | OK | |
| r-devel-linux-x86_64-fedora-clang | 0.1 | 26.55 | OK | |||
| r-devel-linux-x86_64-fedora-gcc | 0.1 | 28.31 | OK | |||
| r-devel-windows-x86_64 | 0.1 | 3.00 | 37.00 | 40.00 | OK | |
| r-patched-linux-x86_64 | 0.1 | 1.68 | 17.64 | 19.32 | OK | |
| r-release-linux-x86_64 | 0.1 | 1.70 | 17.55 | 19.25 | OK | |
| r-release-macos-arm64 | 0.1 | 1.00 | 16.00 | 17.00 | OK | |
| r-release-macos-x86_64 | 0.1 | 1.00 | 36.00 | 37.00 | OK | |
| r-release-windows-x86_64 | 0.1 | 2.00 | 39.00 | 41.00 | OK | |
| r-oldrel-macos-arm64 | 0.1 | 1.00 | 17.00 | 18.00 | NOTE | |
| r-oldrel-macos-x86_64 | 0.1 | 3.00 | 24.00 | 27.00 | NOTE | |
| r-oldrel-windows-x86_64 | 0.1 | 3.00 | 43.00 | 46.00 | NOTE |
Version: 0.1
Check: LazyData
Result: NOTE
'LazyData' is specified without a 'data' directory
Flavors: r-oldrel-macos-arm64, r-oldrel-macos-x86_64, r-oldrel-windows-x86_64