CRAN Package Check Results for Package cmfrec

Last updated on 2025-10-26 00:48:42 CEST.

Flavor Version Tinstall Tcheck Ttotal Status Flags
r-devel-linux-x86_64-debian-clang 3.5.1-3 21.11 55.86 76.97 NOTE
r-devel-linux-x86_64-debian-gcc 3.5.1-3 19.21 40.75 59.96 NOTE
r-devel-linux-x86_64-fedora-clang 3.5.1-3 24.00 70.42 94.42 OK
r-devel-linux-x86_64-fedora-gcc 3.5.1-3 63.00 95.46 158.46 OK
r-devel-windows-x86_64 3.5.1-3 33.00 82.00 115.00 OK
r-patched-linux-x86_64 3.5.1-3 27.99 53.42 81.41 OK
r-release-linux-x86_64 3.5.1-3 27.07 52.88 79.95 OK
r-release-macos-arm64 3.5.1-3 8.00 40.00 48.00 OK
r-release-macos-x86_64 3.5.1-3 23.00 84.00 107.00 OK
r-release-windows-x86_64 3.5.1-3 30.00 85.00 115.00 OK
r-oldrel-macos-arm64 3.5.1-3 8.00 38.00 46.00 OK
r-oldrel-macos-x86_64 3.5.1-3 11.00 53.00 64.00 OK
r-oldrel-windows-x86_64 3.5.1-3 34.00 102.00 136.00 OK

Check Details

Version: 3.5.1-3
Check: CRAN incoming feasibility
Result: NOTE Maintainer: ‘David Cortes <david.cortes.rivera@gmail.com>’ The Description field contains extensions of the original model (Cortes, (2018) <arXiv:1809.00366>) 'implicit features' (Rendle, Zhang, Koren, (2019) <arXiv:1905.01395>), Please refer to arXiv e-prints via their arXiv DOI <doi:10.48550/arXiv.YYMM.NNNNN>. Flavors: r-devel-linux-x86_64-debian-clang, r-devel-linux-x86_64-debian-gcc