Last updated on 2025-10-26 00:48:42 CEST.
| Flavor | Version | Tinstall | Tcheck | Ttotal | Status | Flags | 
|---|---|---|---|---|---|---|
| r-devel-linux-x86_64-debian-clang | 4.0.3 | 66.32 | 165.20 | 231.52 | NOTE | |
| r-devel-linux-x86_64-debian-gcc | 4.0.3 | 46.45 | 109.79 | 156.24 | NOTE | |
| r-devel-linux-x86_64-fedora-clang | 4.0.3 | 294.00 | 116.01 | 410.01 | OK | |
| r-devel-linux-x86_64-fedora-gcc | 4.0.3 | 308.00 | 112.46 | 420.46 | NOTE | |
| r-devel-windows-x86_64 | 4.0.3 | 79.00 | 198.00 | 277.00 | OK | |
| r-patched-linux-x86_64 | 4.0.3 | 72.03 | 158.29 | 230.32 | OK | |
| r-release-linux-x86_64 | 4.0.3 | 69.65 | 155.07 | 224.72 | OK | |
| r-release-macos-arm64 | 4.0.3 | 25.00 | 60.00 | 85.00 | OK | |
| r-release-macos-x86_64 | 4.0.3 | 29.00 | 118.00 | 147.00 | OK | |
| r-release-windows-x86_64 | 4.0.3 | 80.00 | 201.00 | 281.00 | OK | |
| r-oldrel-macos-arm64 | 4.0.3 | 23.00 | 80.00 | 103.00 | NOTE | |
| r-oldrel-macos-x86_64 | 4.0.3 | 31.00 | 123.00 | 154.00 | NOTE | |
| r-oldrel-windows-x86_64 | 4.0.3 | 94.00 | 254.00 | 348.00 | OK | 
Version: 4.0.3
Check: Rd files
Result: NOTE
  checkRd: (-1) d.autonomy.Rd:18-28: Only 4 columns allowed in this table (row 1 has 3)
  checkRd: (-1) d.autonomy.Rd:18-28: Only 4 columns allowed in this table (row 2 has 3)
  checkRd: (-1) d.autonomy.Rd:18-28: Only 4 columns allowed in this table (row 3 has 3)
  checkRd: (-1) d.autonomy.Rd:18-28: Only 4 columns allowed in this table (row 4 has 3)
  checkRd: (-1) d.autonomy.Rd:18-28: Only 4 columns allowed in this table (row 5 has 3)
  checkRd: (-1) d.autonomy.Rd:18-28: Only 4 columns allowed in this table (row 6 has 3)
  checkRd: (-1) d.autonomy.Rd:18-28: Only 4 columns allowed in this table (row 7 has 3)
  checkRd: (-1) d.autonomy.Rd:18-28: Only 4 columns allowed in this table (row 8 has 3)
  checkRd: (-1) d.autonomy.Rd:18-28: Only 4 columns allowed in this table (row 9 has 3)
  checkRd: (-1) d.jobsecurity.Rd:19-27: Only 6 columns allowed in this table (row 1 has 4)
  checkRd: (-1) d.jobsecurity.Rd:19-27: Only 6 columns allowed in this table (row 2 has 4)
  checkRd: (-1) d.jobsecurity.Rd:19-27: Only 6 columns allowed in this table (row 3 has 4)
  checkRd: (-1) d.jobsecurity.Rd:19-27: Only 6 columns allowed in this table (row 4 has 4)
  checkRd: (-1) d.jobsecurity.Rd:19-27: Only 6 columns allowed in this table (row 5 has 4)
  checkRd: (-1) d.jobsecurity.Rd:19-27: Only 6 columns allowed in this table (row 6 has 4)
  checkRd: (-1) d.jobsecurity.Rd:19-27: Only 6 columns allowed in this table (row 7 has 4)
  checkRd: (-1) d.pban.Rd:19-25: Only 4 columns allowed in this table (row 1 has 3)
  checkRd: (-1) d.pban.Rd:19-25: Only 4 columns allowed in this table (row 2 has 3)
  checkRd: (-1) d.pban.Rd:19-25: Only 4 columns allowed in this table (row 3 has 3)
  checkRd: (-1) d.pban.Rd:19-25: Only 4 columns allowed in this table (row 4 has 3)
  checkRd: (-1) d.pban.Rd:19-25: Only 4 columns allowed in this table (row 5 has 3)
Flavors: r-devel-linux-x86_64-debian-clang, r-devel-linux-x86_64-debian-gcc, r-devel-linux-x86_64-fedora-gcc
Version: 4.0.3
Check: installed package size
Result: NOTE
    installed size is  6.0Mb
    sub-directories of 1Mb or more:
      libs   4.6Mb
Flavors: r-oldrel-macos-arm64, r-oldrel-macos-x86_64