Last updated on 2025-10-26 00:48:42 CEST.
| Flavor | Version | Tinstall | Tcheck | Ttotal | Status | Flags |
|---|---|---|---|---|---|---|
| r-devel-linux-x86_64-debian-clang | 2.2-0 | 7.49 | 54.60 | 62.09 | NOTE | |
| r-devel-linux-x86_64-debian-gcc | 2.2-0 | 6.04 | 40.92 | 46.96 | NOTE | |
| r-devel-linux-x86_64-fedora-clang | 2.2-0 | 66.96 | NOTE | |||
| r-devel-linux-x86_64-fedora-gcc | 2.2-0 | 17.00 | 72.03 | 89.03 | NOTE | |
| r-devel-windows-x86_64 | 2.2-0 | 10.00 | 65.00 | 75.00 | OK | |
| r-patched-linux-x86_64 | 2.2-0 | 7.98 | 51.59 | 59.57 | OK | |
| r-release-linux-x86_64 | 2.2-0 | 7.08 | 51.74 | 58.82 | OK | |
| r-release-macos-arm64 | 2.2-0 | 6.00 | 31.00 | 37.00 | OK | |
| r-release-macos-x86_64 | 2.2-0 | 11.00 | 51.00 | 62.00 | OK | |
| r-release-windows-x86_64 | 2.2-0 | 11.00 | 65.00 | 76.00 | OK | |
| r-oldrel-macos-arm64 | 2.2-0 | 5.00 | 28.00 | 33.00 | OK | |
| r-oldrel-macos-x86_64 | 2.2-0 | 7.00 | 44.00 | 51.00 | OK | |
| r-oldrel-windows-x86_64 | 2.2-0 | 14.00 | 79.00 | 93.00 | OK |
Version: 2.2-0
Check: CRAN incoming feasibility
Result: NOTE
Maintainer: ‘David W. Roberts <droberts@montana.edu>’
No Authors@R field in DESCRIPTION.
Please add one, modifying
Authors@R: person(given = c("David", "W."),
family = "Roberts",
role = c("aut", "cre"),
email = "droberts@montana.edu")
as necessary.
Flavors: r-devel-linux-x86_64-debian-clang, r-devel-linux-x86_64-debian-gcc
Version: 2.2-0
Check: compiled code
Result: NOTE
File ‘coenoflex/libs/coenoflex.so’:
Found no calls to: ‘R_registerRoutines’, ‘R_useDynamicSymbols’
It is good practice to register native routines and to disable symbol
search.
See ‘Writing portable packages’ in the ‘Writing R Extensions’ manual.
Flavors: r-devel-linux-x86_64-fedora-clang, r-devel-linux-x86_64-fedora-gcc