Last updated on 2025-10-26 00:48:43 CEST.
| Flavor | Version | Tinstall | Tcheck | Ttotal | Status | Flags |
|---|---|---|---|---|---|---|
| r-devel-linux-x86_64-debian-clang | 1.2.2 | 9.48 | 107.07 | 116.55 | OK | |
| r-devel-linux-x86_64-debian-gcc | 1.2.2 | 6.61 | 75.01 | 81.62 | OK | |
| r-devel-linux-x86_64-fedora-clang | 1.2.2 | 12.00 | 124.36 | 136.36 | OK | |
| r-devel-linux-x86_64-fedora-gcc | 1.2.2 | 24.00 | 155.07 | 179.07 | OK | |
| r-devel-windows-x86_64 | 1.2.2 | 12.00 | 131.00 | 143.00 | OK | |
| r-patched-linux-x86_64 | 1.2.2 | 10.72 | 99.66 | 110.38 | OK | |
| r-release-linux-x86_64 | 1.2.2 | 9.44 | 99.49 | 108.93 | OK | |
| r-release-macos-arm64 | 1.2.2 | 4.00 | 54.00 | 58.00 | OK | |
| r-release-macos-x86_64 | 1.2.2 | 8.00 | 95.00 | 103.00 | OK | |
| r-release-windows-x86_64 | 1.2.2 | 14.00 | 138.00 | 152.00 | OK | |
| r-oldrel-macos-arm64 | 1.2.2 | 5.00 | 56.00 | 61.00 | NOTE | |
| r-oldrel-macos-x86_64 | 1.2.2 | 9.00 | 95.00 | 104.00 | NOTE | |
| r-oldrel-windows-x86_64 | 1.2.2 | 19.00 | 167.00 | 186.00 | OK |
Version: 1.2.2
Check: installed package size
Result: NOTE
installed size is 6.1Mb
sub-directories of 1Mb or more:
R 2.4Mb
data 1.2Mb
help 2.3Mb
Flavors: r-oldrel-macos-arm64, r-oldrel-macos-x86_64