Last updated on 2025-10-28 01:50:29 CET.
| Flavor | Version | Tinstall | Tcheck | Ttotal | Status | Flags |
|---|---|---|---|---|---|---|
| r-devel-linux-x86_64-debian-clang | 0.0.1 | 1.12 | 32.24 | 33.36 | OK | |
| r-devel-linux-x86_64-debian-gcc | 0.0.1 | 1.24 | 25.02 | 26.26 | OK | |
| r-devel-linux-x86_64-fedora-clang | 0.0.1 | 47.56 | OK | |||
| r-devel-linux-x86_64-fedora-gcc | 0.0.1 | 60.12 | OK | |||
| r-devel-windows-x86_64 | 0.0.1 | 3.00 | 49.00 | 52.00 | OK | |
| r-patched-linux-x86_64 | 0.0.1 | 1.80 | 29.63 | 31.43 | OK | |
| r-release-linux-x86_64 | 0.0.1 | 1.67 | 29.47 | 31.14 | OK | |
| r-release-macos-arm64 | 0.0.1 | 1.00 | 35.00 | 36.00 | OK | |
| r-release-macos-x86_64 | 0.0.1 | 2.00 | 44.00 | 46.00 | OK | |
| r-release-windows-x86_64 | 0.0.1 | 3.00 | 50.00 | 53.00 | OK | |
| r-oldrel-macos-arm64 | 0.0.1 | 1.00 | 27.00 | 28.00 | NOTE | |
| r-oldrel-macos-x86_64 | 0.0.1 | 2.00 | 34.00 | 36.00 | NOTE | |
| r-oldrel-windows-x86_64 | 0.0.1 | 4.00 | 58.00 | 62.00 | NOTE |
Version: 0.0.1
Check: LazyData
Result: NOTE
'LazyData' is specified without a 'data' directory
Flavors: r-oldrel-macos-arm64, r-oldrel-macos-x86_64, r-oldrel-windows-x86_64